{"id":7816,"date":"2025-06-10T08:55:28","date_gmt":"2025-06-10T06:55:28","guid":{"rendered":"https:\/\/www.klaerwerk-krefeld.org\/?page_id=7816"},"modified":"2025-06-11T07:43:43","modified_gmt":"2025-06-11T05:43:43","slug":"klaerwerke-in-stahnsdorf","status":"publish","type":"page","link":"https:\/\/www.klaerwerk-krefeld.org\/index.php\/klaerwerke-in-stahnsdorf\/","title":{"rendered":"Kl\u00e4rwerke in Stahnsdorf"},"content":{"rendered":"\n<figure class=\"wp-block-image size-large\"><img loading=\"lazy\" decoding=\"async\" width=\"1024\" height=\"578\" src=\"https:\/\/www.klaerwerk-krefeld.org\/wp-content\/uploads\/2025\/06\/image-4-1024x578.png\" alt=\"\" class=\"wp-image-7852\" srcset=\"https:\/\/www.klaerwerk-krefeld.org\/wp-content\/uploads\/2025\/06\/image-4-1024x578.png 1024w, https:\/\/www.klaerwerk-krefeld.org\/wp-content\/uploads\/2025\/06\/image-4-300x169.png 300w, https:\/\/www.klaerwerk-krefeld.org\/wp-content\/uploads\/2025\/06\/image-4-768x434.png 768w, https:\/\/www.klaerwerk-krefeld.org\/wp-content\/uploads\/2025\/06\/image-4-1536x868.png 1536w, https:\/\/www.klaerwerk-krefeld.org\/wp-content\/uploads\/2025\/06\/image-4-2048x1157.png 2048w\" sizes=\"auto, (max-width: 767px) 89vw, (max-width: 1000px) 54vw, (max-width: 1071px) 543px, 580px\" \/><\/figure>\n\n\n\n<p>Das erste Kl\u00e4rwerk Stahnsdorf (bei Berlin) war eine zwischen 1906 und 1922 betriebene Tropfk\u00f6rper- Anlage und bestand aus 56 mit Koks aufgeschichteten Kegeln mit einem Durchmesser von 20m und einer H\u00f6he von 2,50m, \u00fcber die das vorgekl\u00e4rte Abwasser aus (Berlin-) Wilmersdorf verspr\u00fcht wurde. Diese fr\u00fche Form der biologischen Abwasserreinigung setzte sich allerdings nicht durch, und das Kl\u00e4rwerk wurde 1923 demontiert. <\/p>\n\n\n\n<p>1931 wurde das zweite Kl\u00e4rwerk in Stahnsdorf errichtet, es setzte das biologische Belebtschlammverfahren ein. Das Kl\u00e4rwerk ist bis heute mit ver\u00e4nderter Technik erhalten. <\/p>\n\n\n\n<p><\/p>\n\n\n\n<figure class=\"wp-block-image size-large\"><img loading=\"lazy\" decoding=\"async\" width=\"1024\" height=\"728\" src=\"https:\/\/www.klaerwerk-krefeld.org\/wp-content\/uploads\/2025\/06\/image-3-1024x728.png\" alt=\"\" class=\"wp-image-7851\" srcset=\"https:\/\/www.klaerwerk-krefeld.org\/wp-content\/uploads\/2025\/06\/image-3-1024x728.png 1024w, https:\/\/www.klaerwerk-krefeld.org\/wp-content\/uploads\/2025\/06\/image-3-300x213.png 300w, https:\/\/www.klaerwerk-krefeld.org\/wp-content\/uploads\/2025\/06\/image-3-768x546.png 768w, https:\/\/www.klaerwerk-krefeld.org\/wp-content\/uploads\/2025\/06\/image-3-1536x1092.png 1536w, https:\/\/www.klaerwerk-krefeld.org\/wp-content\/uploads\/2025\/06\/image-3-2048x1456.png 2048w\" sizes=\"auto, (max-width: 767px) 89vw, (max-width: 1000px) 54vw, (max-width: 1071px) 543px, 580px\" \/><\/figure>\n","protected":false},"excerpt":{"rendered":"<p>Das erste Kl\u00e4rwerk Stahnsdorf (bei Berlin) war eine zwischen 1906 und 1922 betriebene Tropfk\u00f6rper- Anlage und bestand aus 56 mit Koks aufgeschichteten Kegeln mit einem Durchmesser von 20m und einer H\u00f6he von 2,50m, \u00fcber die das vorgekl\u00e4rte Abwasser aus (Berlin-) Wilmersdorf verspr\u00fcht wurde. Diese fr\u00fche Form der biologischen Abwasserreinigung setzte sich allerdings nicht durch, und &hellip; <\/p>\n<p class=\"link-more\"><a href=\"https:\/\/www.klaerwerk-krefeld.org\/index.php\/klaerwerke-in-stahnsdorf\/\" class=\"more-link\"><span class=\"screen-reader-text\">\u201eKl\u00e4rwerke in Stahnsdorf\u201c <\/span>weiterlesen<\/a><\/p>\n","protected":false},"author":1,"featured_media":0,"parent":0,"menu_order":0,"comment_status":"closed","ping_status":"closed","template":"","meta":{"footnotes":""},"class_list":["post-7816","page","type-page","status-publish","hentry"],"_links":{"self":[{"href":"https:\/\/www.klaerwerk-krefeld.org\/index.php\/wp-json\/wp\/v2\/pages\/7816","targetHints":{"allow":["GET"]}}],"collection":[{"href":"https:\/\/www.klaerwerk-krefeld.org\/index.php\/wp-json\/wp\/v2\/pages"}],"about":[{"href":"https:\/\/www.klaerwerk-krefeld.org\/index.php\/wp-json\/wp\/v2\/types\/page"}],"author":[{"embeddable":true,"href":"https:\/\/www.klaerwerk-krefeld.org\/index.php\/wp-json\/wp\/v2\/users\/1"}],"replies":[{"embeddable":true,"href":"https:\/\/www.klaerwerk-krefeld.org\/index.php\/wp-json\/wp\/v2\/comments?post=7816"}],"version-history":[{"count":2,"href":"https:\/\/www.klaerwerk-krefeld.org\/index.php\/wp-json\/wp\/v2\/pages\/7816\/revisions"}],"predecessor-version":[{"id":7855,"href":"https:\/\/www.klaerwerk-krefeld.org\/index.php\/wp-json\/wp\/v2\/pages\/7816\/revisions\/7855"}],"wp:attachment":[{"href":"https:\/\/www.klaerwerk-krefeld.org\/index.php\/wp-json\/wp\/v2\/media?parent=7816"}],"curies":[{"name":"wp","href":"https:\/\/api.w.org\/{rel}","templated":true}]}}