{"id":5864,"date":"2021-08-12T07:20:47","date_gmt":"2021-08-12T05:20:47","guid":{"rendered":"https:\/\/www.klaerwerk-krefeld.org\/?page_id=5864"},"modified":"2023-03-11T17:19:53","modified_gmt":"2023-03-11T16:19:53","slug":"blog","status":"publish","type":"page","link":"https:\/\/www.klaerwerk-krefeld.org\/index.php\/blog\/","title":{"rendered":"Blog"},"content":{"rendered":"\n\n\n<div class=\"wp-block-columns is-layout-flex wp-container-core-columns-is-layout-9d6595d7 wp-block-columns-is-layout-flex\">\n<div class=\"wp-block-column is-layout-flow wp-block-column-is-layout-flow\" style=\"flex-basis:100%\"><ul class=\"wp-block-latest-posts__list has-dates wp-block-latest-posts\"><li><a class=\"wp-block-latest-posts__post-title\" href=\"https:\/\/www.klaerwerk-krefeld.org\/index.php\/recherchen-fuer-den-bund\/\">Recherchen f\u00fcr den BUND<\/a><time datetime=\"2025-06-07T16:34:03+02:00\" class=\"wp-block-latest-posts__post-date\">7. Juni 2025<\/time><div class=\"wp-block-latest-posts__post-excerpt\">KAMPF UM WASSER Trotz D\u00fcrre in Deutschland: Industrie nutzt weiterhin ungebremst Wasser Ernten vertrocknen, Kleing\u00e4rtner sollen weniger gie\u00dfen und B\u00fcrgerinnen und B\u00fcrger Wasser &hellip; <p class=\"link-more\"><a href=\"https:\/\/www.klaerwerk-krefeld.org\/index.php\/recherchen-fuer-den-bund\/\" class=\"more-link\"><span class=\"screen-reader-text\">\u201eRecherchen f\u00fcr den BUND\u201c <\/span>weiterlesen<\/a><\/p><\/div><\/li>\n<li><a class=\"wp-block-latest-posts__post-title\" href=\"https:\/\/www.klaerwerk-krefeld.org\/index.php\/neues-leben-fuer-rothers-und-buddenberg\/\">\u201eNEUES LEBEN F\u00dcR ROTHERS UND BUDDENBERG\u201c<\/a><time datetime=\"2022-08-03T07:21:52+02:00\" class=\"wp-block-latest-posts__post-date\">3. August 2022<\/time><div class=\"wp-block-latest-posts__post-excerpt\">Der Erhalt des denkmalgesch\u00fctzten Ensembles der historischen Roggen- und Gerstenm\u00fchle \u201eRoters und Buddenberg\u201c im Krefelder Rheinhafen (Hafenstra\u00dfe 83-85) ist gef\u00e4hrdet.<\/div><\/li>\n<li><div class=\"wp-block-latest-posts__featured-image alignleft\"><img loading=\"lazy\" decoding=\"async\" width=\"300\" height=\"166\" src=\"https:\/\/www.klaerwerk-krefeld.org\/wp-content\/uploads\/2021\/08\/IMG_8138-300x166.jpeg\" class=\"attachment-medium size-medium wp-post-image\" alt=\"\" style=\"\" srcset=\"https:\/\/www.klaerwerk-krefeld.org\/wp-content\/uploads\/2021\/08\/IMG_8138-300x166.jpeg 300w, https:\/\/www.klaerwerk-krefeld.org\/wp-content\/uploads\/2021\/08\/IMG_8138-1024x568.jpeg 1024w, https:\/\/www.klaerwerk-krefeld.org\/wp-content\/uploads\/2021\/08\/IMG_8138-768x426.jpeg 768w, https:\/\/www.klaerwerk-krefeld.org\/wp-content\/uploads\/2021\/08\/IMG_8138-1536x852.jpeg 1536w, https:\/\/www.klaerwerk-krefeld.org\/wp-content\/uploads\/2021\/08\/IMG_8138-1920x1065.jpeg 1920w, https:\/\/www.klaerwerk-krefeld.org\/wp-content\/uploads\/2021\/08\/IMG_8138-150x83.jpeg 150w, https:\/\/www.klaerwerk-krefeld.org\/wp-content\/uploads\/2021\/08\/IMG_8138.jpeg 2028w\" sizes=\"auto, 100vw\" \/><\/div><a class=\"wp-block-latest-posts__post-title\" href=\"https:\/\/www.klaerwerk-krefeld.org\/index.php\/das-klaerwerk-als-filmlocation-fuer-babylon-berlin\/\">Das Kl\u00e4rwerk als Filmlocation f\u00fcr Babylon Berlin<\/a><time datetime=\"2021-08-02T12:14:04+02:00\" class=\"wp-block-latest-posts__post-date\">2. August 2021<\/time><div class=\"wp-block-latest-posts__post-excerpt\">Gro\u00dfes Kino in Krefeld: Babylon Berlin drehte im imposanten Denkmal f\u00fcr die vierte Staffel der deutschen Kult-Fernsehserie. Das von vier Freunden \u00fcbernommene wohl &hellip; <p class=\"link-more\"><a href=\"https:\/\/www.klaerwerk-krefeld.org\/index.php\/das-klaerwerk-als-filmlocation-fuer-babylon-berlin\/\" class=\"more-link\"><span class=\"screen-reader-text\">\u201eDas Kl\u00e4rwerk als Filmlocation f\u00fcr Babylon Berlin\u201c <\/span>weiterlesen<\/a><\/p><\/div><\/li>\n<li><div class=\"wp-block-latest-posts__featured-image alignleft\"><img loading=\"lazy\" decoding=\"async\" width=\"300\" height=\"182\" src=\"https:\/\/www.klaerwerk-krefeld.org\/wp-content\/uploads\/2021\/05\/B0B47A98-E8D2-4488-8AD9-04C07C9DD7F6-300x182.jpeg\" class=\"attachment-medium size-medium wp-post-image\" alt=\"\" style=\"\" srcset=\"https:\/\/www.klaerwerk-krefeld.org\/wp-content\/uploads\/2021\/05\/B0B47A98-E8D2-4488-8AD9-04C07C9DD7F6-300x182.jpeg 300w, https:\/\/www.klaerwerk-krefeld.org\/wp-content\/uploads\/2021\/05\/B0B47A98-E8D2-4488-8AD9-04C07C9DD7F6-1024x622.jpeg 1024w, https:\/\/www.klaerwerk-krefeld.org\/wp-content\/uploads\/2021\/05\/B0B47A98-E8D2-4488-8AD9-04C07C9DD7F6-768x467.jpeg 768w, https:\/\/www.klaerwerk-krefeld.org\/wp-content\/uploads\/2021\/05\/B0B47A98-E8D2-4488-8AD9-04C07C9DD7F6-150x91.jpeg 150w, https:\/\/www.klaerwerk-krefeld.org\/wp-content\/uploads\/2021\/05\/B0B47A98-E8D2-4488-8AD9-04C07C9DD7F6.jpeg 1351w\" sizes=\"auto, 100vw\" \/><\/div><a class=\"wp-block-latest-posts__post-title\" href=\"https:\/\/www.klaerwerk-krefeld.org\/index.php\/bach-im-klaerwerk\/\">Bach im Kl\u00e4rwerk 2021<\/a><time datetime=\"2021-05-30T18:26:20+02:00\" class=\"wp-block-latest-posts__post-date\">30. Mai 2021<\/time><div class=\"wp-block-latest-posts__post-excerpt\">Bach im Kl\u00e4rwerk: Im Rahmen der Coronadenkonzerte in St. Augustinus findet am Sonntag 30.05.2021 um 19 Uhr ein sehr au\u00dfergew\u00f6hnliches Konzert statt. Was &hellip; <p class=\"link-more\"><a href=\"https:\/\/www.klaerwerk-krefeld.org\/index.php\/bach-im-klaerwerk\/\" class=\"more-link\"><span class=\"screen-reader-text\">\u201eBach im Kl\u00e4rwerk 2021\u201c <\/span>weiterlesen<\/a><\/p><\/div><\/li>\n<li><div class=\"wp-block-latest-posts__featured-image alignleft\"><img loading=\"lazy\" decoding=\"async\" width=\"300\" height=\"225\" src=\"https:\/\/www.klaerwerk-krefeld.org\/wp-content\/uploads\/2021\/05\/A4BE945D-D529-4A29-8E57-D471A715BB33-scaled-300x225.jpeg\" class=\"attachment-medium size-medium wp-post-image\" alt=\"\" style=\"\" srcset=\"https:\/\/www.klaerwerk-krefeld.org\/wp-content\/uploads\/2021\/05\/A4BE945D-D529-4A29-8E57-D471A715BB33-scaled-300x225.jpeg 300w, https:\/\/www.klaerwerk-krefeld.org\/wp-content\/uploads\/2021\/05\/A4BE945D-D529-4A29-8E57-D471A715BB33-scaled-1024x768.jpeg 1024w, https:\/\/www.klaerwerk-krefeld.org\/wp-content\/uploads\/2021\/05\/A4BE945D-D529-4A29-8E57-D471A715BB33-scaled-768x576.jpeg 768w, https:\/\/www.klaerwerk-krefeld.org\/wp-content\/uploads\/2021\/05\/A4BE945D-D529-4A29-8E57-D471A715BB33-scaled-1536x1152.jpeg 1536w, https:\/\/www.klaerwerk-krefeld.org\/wp-content\/uploads\/2021\/05\/A4BE945D-D529-4A29-8E57-D471A715BB33-scaled-2048x1536.jpeg 2048w, https:\/\/www.klaerwerk-krefeld.org\/wp-content\/uploads\/2021\/05\/A4BE945D-D529-4A29-8E57-D471A715BB33-scaled-1920x1440.jpeg 1920w, https:\/\/www.klaerwerk-krefeld.org\/wp-content\/uploads\/2021\/05\/A4BE945D-D529-4A29-8E57-D471A715BB33-scaled-150x113.jpeg 150w\" sizes=\"auto, 100vw\" \/><\/div><a class=\"wp-block-latest-posts__post-title\" href=\"https:\/\/www.klaerwerk-krefeld.org\/index.php\/hardcore-denkmalpflege-in-krefeld-der-hallenkran-des-historischen-klaerwerks\/\">Hardcore Denkmalpflege in Krefeld, der Hallenkran des historischen Kl\u00e4rwerks.<\/a><time datetime=\"2021-05-16T10:19:22+02:00\" class=\"wp-block-latest-posts__post-date\">16. Mai 2021<\/time><div class=\"wp-block-latest-posts__post-excerpt\">Krefeld ist leider landein, landaus f\u00fcr seinen schwierigen Umgang mit Baukultur bekannt (Liste siehe unten). Das ein seit 1982 denkmalgesch\u00fctzter und noch lange &hellip; <p class=\"link-more\"><a href=\"https:\/\/www.klaerwerk-krefeld.org\/index.php\/hardcore-denkmalpflege-in-krefeld-der-hallenkran-des-historischen-klaerwerks\/\" class=\"more-link\"><span class=\"screen-reader-text\">\u201eHardcore Denkmalpflege in Krefeld, der Hallenkran des historischen Kl\u00e4rwerks.\u201c <\/span>weiterlesen<\/a><\/p><\/div><\/li>\n<\/ul><\/div>\n<\/div>\n\n\n\n<p><\/p>\n","protected":false},"excerpt":{"rendered":"","protected":false},"author":1,"featured_media":0,"parent":0,"menu_order":0,"comment_status":"closed","ping_status":"closed","template":"template-page-builder.php","meta":{"footnotes":""},"class_list":["post-5864","page","type-page","status-publish","hentry"],"_links":{"self":[{"href":"https:\/\/www.klaerwerk-krefeld.org\/index.php\/wp-json\/wp\/v2\/pages\/5864","targetHints":{"allow":["GET"]}}],"collection":[{"href":"https:\/\/www.klaerwerk-krefeld.org\/index.php\/wp-json\/wp\/v2\/pages"}],"about":[{"href":"https:\/\/www.klaerwerk-krefeld.org\/index.php\/wp-json\/wp\/v2\/types\/page"}],"author":[{"embeddable":true,"href":"https:\/\/www.klaerwerk-krefeld.org\/index.php\/wp-json\/wp\/v2\/users\/1"}],"replies":[{"embeddable":true,"href":"https:\/\/www.klaerwerk-krefeld.org\/index.php\/wp-json\/wp\/v2\/comments?post=5864"}],"version-history":[{"count":35,"href":"https:\/\/www.klaerwerk-krefeld.org\/index.php\/wp-json\/wp\/v2\/pages\/5864\/revisions"}],"predecessor-version":[{"id":7201,"href":"https:\/\/www.klaerwerk-krefeld.org\/index.php\/wp-json\/wp\/v2\/pages\/5864\/revisions\/7201"}],"wp:attachment":[{"href":"https:\/\/www.klaerwerk-krefeld.org\/index.php\/wp-json\/wp\/v2\/media?parent=5864"}],"curies":[{"name":"wp","href":"https:\/\/api.w.org\/{rel}","templated":true}]}}

<div class="wp-block-columns is-layout-flex wp-container-core-columns-is-layout-9d6595d7 wp-block-columns-is-layout-flex">
<div class="wp-block-column is-layout-flow wp-block-column-is-layout-flow" style="flex-basis:100%"><ul class="wp-block-latest-posts__list has-dates wp-block-latest-posts"><li><a class="wp-block-latest-posts__post-title" href="https://www.klaerwerk-krefeld.org/index.php/recherchen-fuer-den-bund/">Recherchen für den BUND</a><time datetime="2025-06-07T16:34:03+02:00" class="wp-block-latest-posts__post-date">7. Juni 2025</time><div class="wp-block-latest-posts__post-excerpt">KAMPF UM WASSER Trotz Dürre in Deutschland: Industrie nutzt weiterhin ungebremst Wasser Ernten vertrocknen, Kleingärtner sollen weniger gießen und Bürgerinnen und Bürger Wasser &hellip; <p class="link-more"><a href="https://www.klaerwerk-krefeld.org/index.php/recherchen-fuer-den-bund/" class="more-link"><span class="screen-reader-text">„Recherchen für den BUND“ </span>weiterlesen</a></p></div></li>
<li><a class="wp-block-latest-posts__post-title" href="https://www.klaerwerk-krefeld.org/index.php/neues-leben-fuer-rothers-und-buddenberg/">„NEUES LEBEN FÜR ROTHERS UND BUDDENBERG“</a><time datetime="2022-08-03T07:21:52+02:00" class="wp-block-latest-posts__post-date">3. August 2022</time><div class="wp-block-latest-posts__post-excerpt">Der Erhalt des denkmalgeschützten Ensembles der historischen Roggen- und Gerstenmühle „Roters und Buddenberg“ im Krefelder Rheinhafen (Hafenstraße 83-85) ist gefährdet.</div></li>
<li><div class="wp-block-latest-posts__featured-image alignleft"><img loading="lazy" decoding="async" width="300" height="166" src="https://www.klaerwerk-krefeld.org/wp-content/uploads/2021/08/IMG_8138-300x166.jpeg" class="attachment-medium size-medium wp-post-image" alt="" style="" srcset="https://www.klaerwerk-krefeld.org/wp-content/uploads/2021/08/IMG_8138-300x166.jpeg 300w, https://www.klaerwerk-krefeld.org/wp-content/uploads/2021/08/IMG_8138-1024x568.jpeg 1024w, https://www.klaerwerk-krefeld.org/wp-content/uploads/2021/08/IMG_8138-768x426.jpeg 768w, https://www.klaerwerk-krefeld.org/wp-content/uploads/2021/08/IMG_8138-1536x852.jpeg 1536w, https://www.klaerwerk-krefeld.org/wp-content/uploads/2021/08/IMG_8138-1920x1065.jpeg 1920w, https://www.klaerwerk-krefeld.org/wp-content/uploads/2021/08/IMG_8138-150x83.jpeg 150w, https://www.klaerwerk-krefeld.org/wp-content/uploads/2021/08/IMG_8138.jpeg 2028w" sizes="auto, 100vw" /></div><a class="wp-block-latest-posts__post-title" href="https://www.klaerwerk-krefeld.org/index.php/das-klaerwerk-als-filmlocation-fuer-babylon-berlin/">Das Klärwerk als Filmlocation für Babylon Berlin</a><time datetime="2021-08-02T12:14:04+02:00" class="wp-block-latest-posts__post-date">2. August 2021</time><div class="wp-block-latest-posts__post-excerpt">Großes Kino in Krefeld: Babylon Berlin drehte im imposanten Denkmal für die vierte Staffel der deutschen Kult-Fernsehserie. Das von vier Freunden übernommene wohl &hellip; <p class="link-more"><a href="https://www.klaerwerk-krefeld.org/index.php/das-klaerwerk-als-filmlocation-fuer-babylon-berlin/" class="more-link"><span class="screen-reader-text">„Das Klärwerk als Filmlocation für Babylon Berlin“ </span>weiterlesen</a></p></div></li>
<li><div class="wp-block-latest-posts__featured-image alignleft"><img loading="lazy" decoding="async" width="300" height="182" src="https://www.klaerwerk-krefeld.org/wp-content/uploads/2021/05/B0B47A98-E8D2-4488-8AD9-04C07C9DD7F6-300x182.jpeg" class="attachment-medium size-medium wp-post-image" alt="" style="" srcset="https://www.klaerwerk-krefeld.org/wp-content/uploads/2021/05/B0B47A98-E8D2-4488-8AD9-04C07C9DD7F6-300x182.jpeg 300w, https://www.klaerwerk-krefeld.org/wp-content/uploads/2021/05/B0B47A98-E8D2-4488-8AD9-04C07C9DD7F6-1024x622.jpeg 1024w, https://www.klaerwerk-krefeld.org/wp-content/uploads/2021/05/B0B47A98-E8D2-4488-8AD9-04C07C9DD7F6-768x467.jpeg 768w, https://www.klaerwerk-krefeld.org/wp-content/uploads/2021/05/B0B47A98-E8D2-4488-8AD9-04C07C9DD7F6-150x91.jpeg 150w, https://www.klaerwerk-krefeld.org/wp-content/uploads/2021/05/B0B47A98-E8D2-4488-8AD9-04C07C9DD7F6.jpeg 1351w" sizes="auto, 100vw" /></div><a class="wp-block-latest-posts__post-title" href="https://www.klaerwerk-krefeld.org/index.php/bach-im-klaerwerk/">Bach im Klärwerk 2021</a><time datetime="2021-05-30T18:26:20+02:00" class="wp-block-latest-posts__post-date">30. Mai 2021</time><div class="wp-block-latest-posts__post-excerpt">Bach im Klärwerk: Im Rahmen der Coronadenkonzerte in St. Augustinus findet am Sonntag 30.05.2021 um 19 Uhr ein sehr außergewöhnliches Konzert statt. Was &hellip; <p class="link-more"><a href="https://www.klaerwerk-krefeld.org/index.php/bach-im-klaerwerk/" class="more-link"><span class="screen-reader-text">„Bach im Klärwerk 2021“ </span>weiterlesen</a></p></div></li>
<li><div class="wp-block-latest-posts__featured-image alignleft"><img loading="lazy" decoding="async" width="300" height="225" src="https://www.klaerwerk-krefeld.org/wp-content/uploads/2021/05/A4BE945D-D529-4A29-8E57-D471A715BB33-scaled-300x225.jpeg" class="attachment-medium size-medium wp-post-image" alt="" style="" srcset="https://www.klaerwerk-krefeld.org/wp-content/uploads/2021/05/A4BE945D-D529-4A29-8E57-D471A715BB33-scaled-300x225.jpeg 300w, https://www.klaerwerk-krefeld.org/wp-content/uploads/2021/05/A4BE945D-D529-4A29-8E57-D471A715BB33-scaled-1024x768.jpeg 1024w, https://www.klaerwerk-krefeld.org/wp-content/uploads/2021/05/A4BE945D-D529-4A29-8E57-D471A715BB33-scaled-768x576.jpeg 768w, https://www.klaerwerk-krefeld.org/wp-content/uploads/2021/05/A4BE945D-D529-4A29-8E57-D471A715BB33-scaled-1536x1152.jpeg 1536w, https://www.klaerwerk-krefeld.org/wp-content/uploads/2021/05/A4BE945D-D529-4A29-8E57-D471A715BB33-scaled-2048x1536.jpeg 2048w, https://www.klaerwerk-krefeld.org/wp-content/uploads/2021/05/A4BE945D-D529-4A29-8E57-D471A715BB33-scaled-1920x1440.jpeg 1920w, https://www.klaerwerk-krefeld.org/wp-content/uploads/2021/05/A4BE945D-D529-4A29-8E57-D471A715BB33-scaled-150x113.jpeg 150w" sizes="auto, 100vw" /></div><a class="wp-block-latest-posts__post-title" href="https://www.klaerwerk-krefeld.org/index.php/hardcore-denkmalpflege-in-krefeld-der-hallenkran-des-historischen-klaerwerks/">Hardcore Denkmalpflege in Krefeld, der Hallenkran des historischen Klärwerks.</a><time datetime="2021-05-16T10:19:22+02:00" class="wp-block-latest-posts__post-date">16. Mai 2021</time><div class="wp-block-latest-posts__post-excerpt">Krefeld ist leider landein, landaus für seinen schwierigen Umgang mit Baukultur bekannt (Liste siehe unten). Das ein seit 1982 denkmalgeschützter und noch lange &hellip; <p class="link-more"><a href="https://www.klaerwerk-krefeld.org/index.php/hardcore-denkmalpflege-in-krefeld-der-hallenkran-des-historischen-klaerwerks/" class="more-link"><span class="screen-reader-text">„Hardcore Denkmalpflege in Krefeld, der Hallenkran des historischen Klärwerks.“ </span>weiterlesen</a></p></div></li>
</ul></div>
</div>



<p></p>
