{"id":4632,"date":"2020-10-02T07:39:09","date_gmt":"2020-10-02T05:39:09","guid":{"rendered":"https:\/\/www.klaerwerk-krefeld.org\/?page_id=4632"},"modified":"2024-11-23T11:21:33","modified_gmt":"2024-11-23T10:21:33","slug":"mikroplastik","status":"publish","type":"page","link":"https:\/\/www.klaerwerk-krefeld.org\/index.php\/mikroplastik\/","title":{"rendered":"Mikroplastik"},"content":{"rendered":"\n<h2 class=\"wp-block-heading\">Mikroplastik ist eine Gefahr f\u00fcr Meereslebewesen und Menschen <\/h2>\n\n\n\n<p><br>Mikroplastik sind kleine Kunststoffteilchen. Kunststoffhaltige W\u00e4sche in der Waschmaschine erzeugt Mikroplastik, kleine Fasern die sich aus der W\u00e4sche l\u00f6sen. Diese Fasern werden nicht durch Siebe der Waschmaschine aufgehalten, landen in der Kanalisation, weiter zur Kl\u00e4ranlage, die h\u00e4lt nur einen Teil zur\u00fcck, der Rest geht in die Fl\u00fcsse und letztendlich ins Meer. <\/p>\n\n\n\n<p>Der Rhein ist, wie viele andere Gew\u00e4sser der Welt, stark mit Mikroplastik belastet. <\/p>\n\n\n\n<figure class=\"wp-block-image size-large\"><img loading=\"lazy\" decoding=\"async\" width=\"1024\" height=\"193\" src=\"https:\/\/www.klaerwerk-krefeld.org\/wp-content\/uploads\/2020\/02\/bayer-werk-1024x193.jpg\" alt=\"\" class=\"wp-image-3115\" srcset=\"https:\/\/www.klaerwerk-krefeld.org\/wp-content\/uploads\/2020\/02\/bayer-werk-1024x193.jpg 1024w, https:\/\/www.klaerwerk-krefeld.org\/wp-content\/uploads\/2020\/02\/bayer-werk-300x57.jpg 300w, https:\/\/www.klaerwerk-krefeld.org\/wp-content\/uploads\/2020\/02\/bayer-werk-768x145.jpg 768w, https:\/\/www.klaerwerk-krefeld.org\/wp-content\/uploads\/2020\/02\/bayer-werk-150x28.jpg 150w, https:\/\/www.klaerwerk-krefeld.org\/wp-content\/uploads\/2020\/02\/bayer-werk.jpg 1300w\" sizes=\"auto, (max-width: 767px) 89vw, (max-width: 1000px) 54vw, (max-width: 1071px) 543px, 580px\" \/><\/figure>\n\n\n\n<p>Wasserorganismen verwechseln Mikroplastik mit ihrer Nahrung, dazu k\u00f6nnen gef\u00e4hrliche Chemikalien, die sich an diese Partikel anlagern, in die Nahrungskette gelangen. <\/p>\n\n\n\n<p>Aber auch in Kosmetikprodukten oder Verpackungen ist Mikroplastik in Form von Plastik- Pellets vorhanden. Der Reifenabrieb der Autos erzeugt Mikroplastik, aber auch Kunstrasen-Sportpl\u00e4tze erzeugen gro\u00dfe Mengen am Mikroplastik. Nicht zu vergessen der  M\u00fcll von  weggeworfenen Plastikverpackungen, die sich zerkleinern und Recycling oder der Entsorgungskette entzogen werden.    <\/p>\n\n\n\n<p>Dieser Film wurde f\u00fcr die Ausstellung PharmArt, Pharmam\u00fcll und Arzneimittel im Wasser  im historischen Kl\u00e4rwerk im November 2024 erstellt und gezeigt. <a href=\"https:\/\/www.pharmart.gallery\">https:\/\/www.pharmart.gallery<\/a> Der Film ist in Zusammenarbeit mit dem BUND f\u00fcr Umwelt und Naturschutz Kreisgruppe Krefeld entstanden  <a href=\"https:\/\/www.bund-krefeld.de\">https:\/\/www.bund-krefeld.de<\/a><br><br><\/p>\n\n\n\n<figure class=\"wp-block-embed is-type-video is-provider-youtube wp-block-embed-youtube wp-embed-aspect-16-9 wp-has-aspect-ratio\"><div class=\"wp-block-embed__wrapper\">\n<iframe loading=\"lazy\" title=\"Mikroschadstoffe und Pharmar\u00fcckst\u00e4nde im Wasser und der Umwelt\" width=\"525\" height=\"295\" src=\"https:\/\/www.youtube.com\/embed\/ydEWsjKVYfw?feature=oembed\" frameborder=\"0\" allow=\"accelerometer; autoplay; clipboard-write; encrypted-media; gyroscope; picture-in-picture; web-share\" referrerpolicy=\"strict-origin-when-cross-origin\" allowfullscreen><\/iframe>\n<\/div><\/figure>\n\n\n\n<h2 class=\"wp-block-heading\">Forschungen zu Mikroplastik<\/h2>\n\n\n\n<p>Nach den ersten Anzeichen, dass Mikroplastik in enormem Umfang Luft, Berge, das Land, See, Fl\u00fcsse und die Meere belastet, werden seit kurzer Zeit internationale Forschungen durchgef\u00fchrt. <\/p>\n\n\n\n<p>Einerseits soll Mikroplastik erkannt und die Menge, zum Beispiel im Rhein, genauer untersucht und berechnet werden. Dazu m\u00fcssen Proben im fliessenden Wasser aber auch im Sediment, dem Sand und Kies den Fl\u00fcsse transportieren, genommen werden. <\/p>\n\n\n\n<p>Zur Zeit werden viele unterschiedliche Verfahren ausprobiert, um schneller Ergebnisse zu bekommen. Eines der Beispiele ist, den feinen Sand mit Licht zu bestrahlen und die Reflexion des Lichts zu benutzen, um Mikroplastik in seinen unterschiedlichen chemischen Stoff-Zusammensetzungen schneller zu bestimmen und die Menge zu z\u00e4hlen.  <\/p>\n\n\n\n<p>Andererseits gibt es erste Forschungen, wie man das freisetzen von Mikroplastik aus Textilien reduzieren kann. Hier gibt es auch einen Tipp, wie Verbraucher den Aussto\u00df verringern k\u00f6nnen: <\/p>\n\n\n\n<blockquote class=\"wp-block-quote is-style-default is-layout-flow wp-block-quote-is-layout-flow\">\n<p>&#8220;Die Waschmaschine immer so voll wie m\u00f6glich zu beladen. \u201eDer niedrigste Eintrag von Mikroplastik in die aquatische Umwelt l\u00e4sst sich bei einer voll beladenen Waschmaschine und anschlie\u00dfender Trocknung im Trockner beobachten\u201c, erkl\u00e4rte Prof. Ellen Bendt.&#8221; <\/p>\n<cite><a href=\"https:\/\/www.hs-niederrhein.de\/startseite\/news\/news-detailseite\/?tx_news_pi1%5Bnews%5D=17964&amp;cHash=e026f299e9e64d769c059d299a37a395\">HS-Niederrhein, Weniger Mikroplastik-Aussto\u00df beim Waschen: Forscherinnen stellen Zwischenergebnisse vor<\/a><\/cite><\/blockquote>\n\n\n\n<p><\/p>\n\n\n\n<p>Schwierig ist \u00fcbrigens die Untersuchung von freigesetztem Mikroplastik. Ist es organisch, oder k\u00fcnstlich, ist es abbaubar oder nicht? Der Begriff Plastik bezeichnet jedenfalls sprachlich eine Gruppe von Materialien synthetischen Ursprungs, die sogenannten Kunststoffe. Aber was genau ist Plastik \u00fcberhaupt?<\/p>\n\n\n\n<p>Kunststoffe entstehen durch eine als Polymerisation bezeichnete Abfolge chemischer Reaktionen aus organischen Rohstoffen, haupts\u00e4chlich aus Erdgas und Erd\u00f6l. Durch unterschiedliche Polymerisation lassen sich Kunststoffe ebenso unterschiedlichen Eigenschaften herstellen: transparent oder undurchsichtig, fest oder flexibel, weich oder hart. <\/p>\n\n\n\n<p>Zudem werden zur Verbesserung der Eigenschaften von Plastik chemische Zus\u00e4tze wie Weichmacher, Flammschutzmittel oder auch Farbstoffe eingesetzt. Viele dieser Stoffe machen Plastik flexibel oder auch langlebig. Sie k\u00f6nnen aber der Umwelt genauso schaden, wie der Gesundheit. Denn sie k\u00f6nnen aus dem Kunststoff austreten, in das Wasser oder die Luft \u00fcbergehen und letztlich auch in unsere Lebensmittel oder das Futter von Tieren gelangen. Auch beim Recycling von Plastik k\u00f6nnen diese Mittel freigesetzt werden.<\/p>\n\n\n\n<p>Heute z\u00e4hlen PVC, Polyethylen und Polypropylen zu den weltweit am h\u00e4ufigsten eingesetzten Kunststoffen. Eine neue Generation von Kunststoffen l\u00e4sst sich aus Biopolymeren wie Maisst\u00e4rke gewinnen.&nbsp;Solche und andere Kunststoffe auf Basis nat\u00fcrlicher Ausgangsstoffe werden bereits heute Einweggeschirr, Plastikt\u00fcten und Lebens- mittelverpackungen eingesetzt. <\/p>\n\n\n\n<p>Ob wir damit die Probleme von Plastik l\u00f6sen, ist aber sehr zweifelhaft. Denn wir verwenden Plastik zu h\u00e4ufig. Konsumg\u00fcterkonzerne und wir Konsumenten nutzen zu gerne die Vorz\u00fcge von Plastik. Plastik ist f\u00fcr uns oft nur billig und einfach zum Wegwerfen. Eines der Probleme damit ist ein Lebensstil, der unentwegt  Abfall produziert.<\/p>\n\n\n\n<h2 class=\"wp-block-heading\">Recycling von Plastikm\u00fcll findet nur wenig statt<\/h2>\n\n\n\n<p>Sechs Millionen Tonnen Plastikm\u00fcll werden in Deutschland im Jahr weggeworfen. Etwa die H\u00e4lfte davon ist Verpackungsm\u00fcll. Aber Plastikverpackungen nehmen weiter zu und so auch die  produzierte Menge. 46% davon wird als Recycling angegeben, das beinhaltet die  Verbrennung von Plastikm\u00fcll und den Export von Plastikabf\u00e4llen. <\/p>\n\n\n\n<p><strong>Nur 17% der Kunststoffverpackungen in Deutschland werden wiederverwendet. <\/strong><\/p>\n\n\n\n<figure class=\"wp-block-image size-large\"><img loading=\"lazy\" decoding=\"async\" width=\"1024\" height=\"1024\" src=\"https:\/\/www.klaerwerk-krefeld.org\/wp-content\/uploads\/2020\/10\/14052481245_b3f8da1c8b_o-1024x1024.jpg\" alt=\"\" class=\"wp-image-4638\" srcset=\"https:\/\/www.klaerwerk-krefeld.org\/wp-content\/uploads\/2020\/10\/14052481245_b3f8da1c8b_o-1024x1024.jpg 1024w, https:\/\/www.klaerwerk-krefeld.org\/wp-content\/uploads\/2020\/10\/14052481245_b3f8da1c8b_o-300x300.jpg 300w, https:\/\/www.klaerwerk-krefeld.org\/wp-content\/uploads\/2020\/10\/14052481245_b3f8da1c8b_o-150x150.jpg 150w, https:\/\/www.klaerwerk-krefeld.org\/wp-content\/uploads\/2020\/10\/14052481245_b3f8da1c8b_o-768x768.jpg 768w, https:\/\/www.klaerwerk-krefeld.org\/wp-content\/uploads\/2020\/10\/14052481245_b3f8da1c8b_o-1536x1536.jpg 1536w, https:\/\/www.klaerwerk-krefeld.org\/wp-content\/uploads\/2020\/10\/14052481245_b3f8da1c8b_o-2048x2048.jpg 2048w, https:\/\/www.klaerwerk-krefeld.org\/wp-content\/uploads\/2020\/10\/14052481245_b3f8da1c8b_o-100x100.jpg 100w\" sizes=\"auto, (max-width: 767px) 89vw, (max-width: 1000px) 54vw, (max-width: 1071px) 543px, 580px\" \/><\/figure>\n\n\n\n<h2 class=\"wp-block-heading\">In der modernen Welt sind Kunststoffe aber nicht wegzudenken<\/h2>\n\n\n\n<p>Die langlebigen, leichten und formbaren Kunststoffe werden in zahllosen Industrie- und Alltagsprodukten verwendet. Wenn Plastik als hochwertiges Material verwendet wird, ist dies auch ein Gewinn. <\/p>\n\n\n\n<h2 class=\"wp-block-heading\">Die Kosten f\u00fcr das Einsammeln des restlichen freigesetzten Plastiks  werden sehr teuer<\/h2>\n\n\n\n<p>Unsere Kl\u00e4ranlagen und unsere Kanalisation muss f\u00fcr eine effizientere Abwasserreinigung weiter ausgebaut werden. <\/p>\n\n\n\n<ol class=\"wp-block-list\">\n<li>Regenwasser in urbanen Regionen darf nicht mehr, wie in manchen Kanalisationssystemen getrennt vom Abwasser, einfach in den n\u00e4chsten Flu\u00df geleitet werden. Auch dieses Wasser muss zuk\u00fcnftig in Kl\u00e4ranlagen von Mikroplastiken gereinigt werden. <\/li>\n\n\n\n<li><a href=\"https:\/\/www.klaerwerk-krefeld.org\/index.php\/wird-alles-abwasser-geklaert-nein\/\">Wird alles Abwasser gereinigt? Nein!<\/a> Bei Starkregen l\u00e4uft die Kanalisation mit belastetem Abwasser zudem oft komplett \u00fcber und das Wasser wird in diesem Fall ganz ohne Abwasserreinigung in die Umwelt abgegeben. [<a href=\"https:\/\/www.klaerwerk-krefeld.org\/index.php\/wird-alles-abwasser-geklaert-nein\/\" data-type=\"page\" data-id=\"4929\">Mehr lesen<\/a>]<\/li>\n\n\n\n<li>Zudem m\u00fcssen die Kl\u00e4ranlagen durch zus\u00e4tzliche Reinigungsmethoden dazu umger\u00fcstet werden, Mikroplastik aus dem Abwasserstrom effizienter herauszufiltern. Das wird zur Zeit erst erst erforscht und man kann aber heute schon davon ausgehen, dass die Geb\u00fchren f\u00fcr Abwasser deutlich steigen werden.  <\/li>\n<\/ol>\n\n\n\n<p>In der <a href=\"https:\/\/www.klaerwerk-krefeld.org\/index.php\/agenda-2030\/\" data-type=\"page\" data-id=\"4395\">UN-Agenda 2030<\/a> haben wir uns verpflichtet, <a href=\"https:\/\/www.klaerwerk-krefeld.org\/index.php\/agenda-2030\/17-ziele-fuer-nachhaltige-entwicklung\/\" data-type=\"page\" data-id=\"4399\">17 Nachhaltigkeitsziele<\/a> bis 2030 zu erreichen. Eines der Ziele umfasst auch die Abwasserreinigung. Deutschland meldet hierbei, 100% des Abwassers w\u00fcrde bereits heute gereinigt. Das stimmt wohl so nicht ganz.<\/p>\n","protected":false},"excerpt":{"rendered":"<p>Mikroplastik ist eine Gefahr f\u00fcr Meereslebewesen und Menschen Mikroplastik sind kleine Kunststoffteilchen. Kunststoffhaltige W\u00e4sche in der Waschmaschine erzeugt Mikroplastik, kleine Fasern die sich aus der W\u00e4sche l\u00f6sen. Diese Fasern werden nicht durch Siebe der Waschmaschine aufgehalten, landen in der Kanalisation, weiter zur Kl\u00e4ranlage, die h\u00e4lt nur einen Teil zur\u00fcck, der Rest geht in die Fl\u00fcsse &hellip; <\/p>\n<p class=\"link-more\"><a href=\"https:\/\/www.klaerwerk-krefeld.org\/index.php\/mikroplastik\/\" class=\"more-link\"><span class=\"screen-reader-text\">\u201eMikroplastik\u201c <\/span>weiterlesen<\/a><\/p>\n","protected":false},"author":1,"featured_media":0,"parent":0,"menu_order":0,"comment_status":"closed","ping_status":"closed","template":"","meta":{"footnotes":""},"class_list":["post-4632","page","type-page","status-publish","hentry"],"_links":{"self":[{"href":"https:\/\/www.klaerwerk-krefeld.org\/index.php\/wp-json\/wp\/v2\/pages\/4632","targetHints":{"allow":["GET"]}}],"collection":[{"href":"https:\/\/www.klaerwerk-krefeld.org\/index.php\/wp-json\/wp\/v2\/pages"}],"about":[{"href":"https:\/\/www.klaerwerk-krefeld.org\/index.php\/wp-json\/wp\/v2\/types\/page"}],"author":[{"embeddable":true,"href":"https:\/\/www.klaerwerk-krefeld.org\/index.php\/wp-json\/wp\/v2\/users\/1"}],"replies":[{"embeddable":true,"href":"https:\/\/www.klaerwerk-krefeld.org\/index.php\/wp-json\/wp\/v2\/comments?post=4632"}],"version-history":[{"count":13,"href":"https:\/\/www.klaerwerk-krefeld.org\/index.php\/wp-json\/wp\/v2\/pages\/4632\/revisions"}],"predecessor-version":[{"id":7666,"href":"https:\/\/www.klaerwerk-krefeld.org\/index.php\/wp-json\/wp\/v2\/pages\/4632\/revisions\/7666"}],"wp:attachment":[{"href":"https:\/\/www.klaerwerk-krefeld.org\/index.php\/wp-json\/wp\/v2\/media?parent=4632"}],"curies":[{"name":"wp","href":"https:\/\/api.w.org\/{rel}","templated":true}]}}