{"id":4518,"date":"2020-09-30T13:28:36","date_gmt":"2020-09-30T11:28:36","guid":{"rendered":"https:\/\/www.klaerwerk-krefeld.org\/?page_id=4518"},"modified":"2020-09-30T15:52:37","modified_gmt":"2020-09-30T13:52:37","slug":"the-water-we-want","status":"publish","type":"page","link":"https:\/\/www.klaerwerk-krefeld.org\/index.php\/the-water-we-want\/","title":{"rendered":"THE WATER WE WANT"},"content":{"rendered":"\n<figure class=\"wp-block-embed is-type-video is-provider-vimeo wp-block-embed-vimeo wp-embed-aspect-16-9 wp-has-aspect-ratio\"><div class=\"wp-block-embed__wrapper\">\n<iframe loading=\"lazy\" title=\"The Water We Want - UNESCO Communication Campaign - Launch\" src=\"https:\/\/player.vimeo.com\/video\/453328289?dnt=1&amp;app_id=122963\" width=\"525\" height=\"295\" frameborder=\"0\" allow=\"autoplay; fullscreen; picture-in-picture; clipboard-write\"><\/iframe>\n<\/div><figcaption><strong>THE WATER WE WANT<\/strong> &#8211; Die <strong>UNESCO<\/strong>-Kommunikationskampagne der globalen Wassermuseen<\/figcaption><\/figure>\n\n\n\n<h2 class=\"wp-block-heading\"><strong>Das Wasser, das wir wollen<\/strong>!<\/h2>\n\n\n\n<div class=\"wp-block-image is-style-default\"><figure class=\"alignright size-large is-resized\"><img loading=\"lazy\" decoding=\"async\" src=\"https:\/\/www.klaerwerk-krefeld.org\/wp-content\/uploads\/2020\/09\/logo_contest_the_water_we_want.png\" alt=\"\" width=\"278\" height=\"266\"\/><\/figure><\/div>\n\n\n\n<p>Der Jugendwettbewerb <strong>The Water We Want<\/strong> zielt darauf ab, junge Menschen als Geschichtenerz\u00e4hler unseres facettenreichen Wassererbes und als Erz\u00e4hler einer nachhaltigeren Zukunft zu gewinnen.<\/p>\n\n\n\n<blockquote class=\"wp-block-quote is-style-default is-layout-flow wp-block-quote-is-layout-flow\"><p>Wie k\u00f6nnen wir zu neuen Verhaltensweisen und Einstellungen inspirieren, die Natur respektieren und eine bessere Wassernutzung und -bewirtschaftung f\u00f6rdern? Welche t\u00e4glichen Beitr\u00e4ge k\u00f6nnen wir leisten, um die immer knapper werdenden Wasserressourcen zu sch\u00fctzen, von denen wir abh\u00e4ngig sind? Was k\u00f6nnen wir aus unseren ererbten Wasserwerten und Verm\u00f6genswerten lernen, um uns um unsere fl\u00fcssige Zukunft zu k\u00fcmmern?<\/p><\/blockquote>\n\n\n\n<p><strong>Dieser Wettbewerb geht in K\u00fcrze in die zweite Runde und ist eine Einladung f\u00fcr Sch\u00fcler <\/strong> Videos, Zeichnungen und Fotos einzureichen. Sie fordert Jugendliche weltweit auf, die entscheidende Bedeutung jeder Form von unserem Wassererbe kreativ zu erkunden. Es besteht eine starke Verbindung der Kampange zu den <a href=\"https:\/\/www.klaerwerk-krefeld.org\/index.php\/agenda-2030\/17-ziele-fuer-nachhaltige-entwicklung\/\" data-type=\"page\" data-id=\"4399\">UN-Zielen f\u00fcr nachhaltige Entwicklung (SDGs)<\/a> der <a href=\"https:\/\/www.klaerwerk-krefeld.org\/index.php\/agenda-2030\/\" data-type=\"page\" data-id=\"4395\">UN-Agenda 2030<\/a>.<\/p>\n\n\n\n<p><strong>Digitale Ausstellung der der ersten Runde von THE WATER WE WANT <\/strong><br>Aus einer Auswahlliste von 102 Einsendungen die von den Partnermuseen ausgew\u00e4hlt wurden, w\u00e4hlte die Jury des Globalen Netzwerks der Wassermuseen 6 endg\u00fcltige Gewinner aus: 2 Videos, 2 Zeichnungen und 2 Fotos. Weitere 18 Beitr\u00e4ge erhielten besondere Erw\u00e4hnungen. der ersten Runde von THE WATER WE WANT<\/p>\n\n\n\n<div class=\"wp-block-buttons aligncenter is-layout-flex wp-block-buttons-is-layout-flex\">\n<div class=\"wp-block-button\"><a class=\"wp-block-button__link has-text-color has-background\" href=\"http:\/\/thewaterwewant.watermuseums.net\/\" style=\"border-radius:2px;background-color:#ba0c49;color:#fffffa\">THE WATER WE WANT AUSSTELLUNG<\/a><\/div>\n\n\n\n<div class=\"wp-block-button is-style-outline is-style-outline--1\"><a class=\"wp-block-button__link has-text-color\" href=\"https:\/\/www.klaerwerk-krefeld.org\/index.php\/teilnehmen-the-water-we-want\/\" style=\"border-radius:2px;color:#ba0c49\">jetzt selbst TEILNEHMEN<\/a><\/div>\n<\/div>\n\n\n\n<figure class=\"wp-block-image size-large\"><a href=\"http:\/\/thewaterwewant.watermuseums.net\"><img loading=\"lazy\" decoding=\"async\" width=\"1024\" height=\"287\" src=\"https:\/\/www.klaerwerk-krefeld.org\/wp-content\/uploads\/2020\/09\/wamu-net-1024x287.png\" alt=\"\" class=\"wp-image-4370\" srcset=\"https:\/\/www.klaerwerk-krefeld.org\/wp-content\/uploads\/2020\/09\/wamu-net-1024x287.png 1024w, https:\/\/www.klaerwerk-krefeld.org\/wp-content\/uploads\/2020\/09\/wamu-net-300x84.png 300w, https:\/\/www.klaerwerk-krefeld.org\/wp-content\/uploads\/2020\/09\/wamu-net-768x215.png 768w, https:\/\/www.klaerwerk-krefeld.org\/wp-content\/uploads\/2020\/09\/wamu-net-1536x430.png 1536w, https:\/\/www.klaerwerk-krefeld.org\/wp-content\/uploads\/2020\/09\/wamu-net-2048x573.png 2048w, https:\/\/www.klaerwerk-krefeld.org\/wp-content\/uploads\/2020\/09\/wamu-net-1920x538.png 1920w, https:\/\/www.klaerwerk-krefeld.org\/wp-content\/uploads\/2020\/09\/wamu-net-150x42.png 150w\" sizes=\"auto, (max-width: 767px) 89vw, (max-width: 1000px) 54vw, (max-width: 1071px) 543px, 580px\" \/><\/a><\/figure>\n","protected":false},"excerpt":{"rendered":"<p>Das Wasser, das wir wollen! Der Jugendwettbewerb The Water We Want zielt darauf ab, junge Menschen als Geschichtenerz\u00e4hler unseres facettenreichen Wassererbes und als Erz\u00e4hler einer nachhaltigeren Zukunft zu gewinnen. Wie k\u00f6nnen wir zu neuen Verhaltensweisen und Einstellungen inspirieren, die Natur respektieren und eine bessere Wassernutzung und -bewirtschaftung f\u00f6rdern? Welche t\u00e4glichen Beitr\u00e4ge k\u00f6nnen wir leisten, um &hellip; <\/p>\n<p class=\"link-more\"><a href=\"https:\/\/www.klaerwerk-krefeld.org\/index.php\/the-water-we-want\/\" class=\"more-link\"><span class=\"screen-reader-text\">\u201eTHE WATER WE WANT\u201c <\/span>weiterlesen<\/a><\/p>\n","protected":false},"author":1,"featured_media":0,"parent":0,"menu_order":0,"comment_status":"closed","ping_status":"closed","template":"","meta":{"footnotes":""},"class_list":["post-4518","page","type-page","status-publish","hentry"],"_links":{"self":[{"href":"https:\/\/www.klaerwerk-krefeld.org\/index.php\/wp-json\/wp\/v2\/pages\/4518","targetHints":{"allow":["GET"]}}],"collection":[{"href":"https:\/\/www.klaerwerk-krefeld.org\/index.php\/wp-json\/wp\/v2\/pages"}],"about":[{"href":"https:\/\/www.klaerwerk-krefeld.org\/index.php\/wp-json\/wp\/v2\/types\/page"}],"author":[{"embeddable":true,"href":"https:\/\/www.klaerwerk-krefeld.org\/index.php\/wp-json\/wp\/v2\/users\/1"}],"replies":[{"embeddable":true,"href":"https:\/\/www.klaerwerk-krefeld.org\/index.php\/wp-json\/wp\/v2\/comments?post=4518"}],"version-history":[{"count":9,"href":"https:\/\/www.klaerwerk-krefeld.org\/index.php\/wp-json\/wp\/v2\/pages\/4518\/revisions"}],"predecessor-version":[{"id":4560,"href":"https:\/\/www.klaerwerk-krefeld.org\/index.php\/wp-json\/wp\/v2\/pages\/4518\/revisions\/4560"}],"wp:attachment":[{"href":"https:\/\/www.klaerwerk-krefeld.org\/index.php\/wp-json\/wp\/v2\/media?parent=4518"}],"curies":[{"name":"wp","href":"https:\/\/api.w.org\/{rel}","templated":true}]}}

<figure class="wp-block-embed is-type-video is-provider-vimeo wp-block-embed-vimeo wp-embed-aspect-16-9 wp-has-aspect-ratio"><div class="wp-block-embed__wrapper">
<iframe loading="lazy" title="The Water We Want - UNESCO Communication Campaign - Launch" src="https://player.vimeo.com/video/453328289?dnt=1&amp;app_id=122963" width="525" height="295" frameborder="0" allow="autoplay; fullscreen; picture-in-picture; clipboard-write"></iframe>
</div><figcaption><strong>THE WATER WE WANT</strong> &#8211; Die <strong>UNESCO</strong>-Kommunikationskampagne der globalen Wassermuseen</figcaption></figure>



<h2 class="wp-block-heading"><strong>Das Wasser, das wir wollen</strong>!</h2>



<div class="wp-block-image is-style-default"><figure class="alignright size-large is-resized"><img loading="lazy" decoding="async" src="https://www.klaerwerk-krefeld.org/wp-content/uploads/2020/09/logo_contest_the_water_we_want.png" alt="" width="278" height="266"/></figure></div>



<p>Der Jugendwettbewerb <strong>The Water We Want</strong> zielt darauf ab, junge Menschen als Geschichtenerzähler unseres facettenreichen Wassererbes und als Erzähler einer nachhaltigeren Zukunft zu gewinnen.</p>



<blockquote class="wp-block-quote is-style-default is-layout-flow wp-block-quote-is-layout-flow"><p>Wie können wir zu neuen Verhaltensweisen und Einstellungen inspirieren, die Natur respektieren und eine bessere Wassernutzung und -bewirtschaftung fördern? Welche täglichen Beiträge können wir leisten, um die immer knapper werdenden Wasserressourcen zu schützen, von denen wir abhängig sind? Was können wir aus unseren ererbten Wasserwerten und Vermögenswerten lernen, um uns um unsere flüssige Zukunft zu kümmern?</p></blockquote>



<p><strong>Dieser Wettbewerb geht in Kürze in die zweite Runde und ist eine Einladung für Schüler </strong> Videos, Zeichnungen und Fotos einzureichen. Sie fordert Jugendliche weltweit auf, die entscheidende Bedeutung jeder Form von unserem Wassererbe kreativ zu erkunden. Es besteht eine starke Verbindung der Kampange zu den <a href="https://www.klaerwerk-krefeld.org/index.php/agenda-2030/17-ziele-fuer-nachhaltige-entwicklung/" data-type="page" data-id="4399">UN-Zielen für nachhaltige Entwicklung (SDGs)</a> der <a href="https://www.klaerwerk-krefeld.org/index.php/agenda-2030/" data-type="page" data-id="4395">UN-Agenda 2030</a>.</p>



<p><strong>Digitale Ausstellung der der ersten Runde von THE WATER WE WANT </strong><br>Aus einer Auswahlliste von 102 Einsendungen die von den Partnermuseen ausgewählt wurden, wählte die Jury des Globalen Netzwerks der Wassermuseen 6 endgültige Gewinner aus: 2 Videos, 2 Zeichnungen und 2 Fotos. Weitere 18 Beiträge erhielten besondere Erwähnungen. der ersten Runde von THE WATER WE WANT</p>



<div class="wp-block-buttons aligncenter is-layout-flex wp-block-buttons-is-layout-flex">
<div class="wp-block-button"><a class="wp-block-button__link has-text-color has-background" href="http://thewaterwewant.watermuseums.net/" style="border-radius:2px;background-color:#ba0c49;color:#fffffa">THE WATER WE WANT AUSSTELLUNG</a></div>



<div class="wp-block-button is-style-outline is-style-outline--1"><a class="wp-block-button__link has-text-color" href="https://www.klaerwerk-krefeld.org/index.php/teilnehmen-the-water-we-want/" style="border-radius:2px;color:#ba0c49">jetzt selbst TEILNEHMEN</a></div>
</div>



<figure class="wp-block-image size-large"><a href="http://thewaterwewant.watermuseums.net"><img loading="lazy" decoding="async" width="1024" height="287" src="https://www.klaerwerk-krefeld.org/wp-content/uploads/2020/09/wamu-net-1024x287.png" alt="" class="wp-image-4370" srcset="https://www.klaerwerk-krefeld.org/wp-content/uploads/2020/09/wamu-net-1024x287.png 1024w, https://www.klaerwerk-krefeld.org/wp-content/uploads/2020/09/wamu-net-300x84.png 300w, https://www.klaerwerk-krefeld.org/wp-content/uploads/2020/09/wamu-net-768x215.png 768w, https://www.klaerwerk-krefeld.org/wp-content/uploads/2020/09/wamu-net-1536x430.png 1536w, https://www.klaerwerk-krefeld.org/wp-content/uploads/2020/09/wamu-net-2048x573.png 2048w, https://www.klaerwerk-krefeld.org/wp-content/uploads/2020/09/wamu-net-1920x538.png 1920w, https://www.klaerwerk-krefeld.org/wp-content/uploads/2020/09/wamu-net-150x42.png 150w" sizes="auto, (max-width: 767px) 89vw, (max-width: 1000px) 54vw, (max-width: 1071px) 543px, 580px" /></a></figure>

<p>Das Wasser, das wir wollen! Der Jugendwettbewerb The Water We Want zielt darauf ab, junge Menschen als Geschichtenerzähler unseres facettenreichen Wassererbes und als Erzähler einer nachhaltigeren Zukunft zu gewinnen. Wie können wir zu neuen Verhaltensweisen und Einstellungen inspirieren, die Natur respektieren und eine bessere Wassernutzung und -bewirtschaftung fördern? Welche täglichen Beiträge können wir leisten, um &hellip; </p>
<p class="link-more"><a href="https://www.klaerwerk-krefeld.org/index.php/the-water-we-want/" class="more-link"><span class="screen-reader-text">„THE WATER WE WANT“ </span>weiterlesen</a></p>
