{"id":3867,"date":"2020-06-26T20:48:44","date_gmt":"2020-06-26T18:48:44","guid":{"rendered":"https:\/\/www.klaerwerk-krefeld.org\/?page_id=3867"},"modified":"2021-01-26T17:44:02","modified_gmt":"2021-01-26T16:44:02","slug":"sauberes-wasser-und-sanitaere-einrichtungen","status":"publish","type":"page","link":"https:\/\/www.klaerwerk-krefeld.org\/index.php\/sauberes-wasser-und-sanitaere-einrichtungen\/","title":{"rendered":"Sauberes Wasser, sanit\u00e4re Einrichtungen"},"content":{"rendered":"\n<figure class=\"wp-block-image size-large is-resized\"><img decoding=\"async\" src=\"https:\/\/www.klaerwerk-krefeld.org\/wp-content\/uploads\/2020\/09\/SDG_logo_DE_No-UN-Emblem_WEB-01-1024x130.png\" alt=\"\" class=\"wp-image-4402\" width=\"200\" srcset=\"https:\/\/www.klaerwerk-krefeld.org\/wp-content\/uploads\/2020\/09\/SDG_logo_DE_No-UN-Emblem_WEB-01-1024x130.png 1024w, https:\/\/www.klaerwerk-krefeld.org\/wp-content\/uploads\/2020\/09\/SDG_logo_DE_No-UN-Emblem_WEB-01-300x38.png 300w, https:\/\/www.klaerwerk-krefeld.org\/wp-content\/uploads\/2020\/09\/SDG_logo_DE_No-UN-Emblem_WEB-01-768x97.png 768w, https:\/\/www.klaerwerk-krefeld.org\/wp-content\/uploads\/2020\/09\/SDG_logo_DE_No-UN-Emblem_WEB-01-1536x195.png 1536w, https:\/\/www.klaerwerk-krefeld.org\/wp-content\/uploads\/2020\/09\/SDG_logo_DE_No-UN-Emblem_WEB-01-2048x260.png 2048w, https:\/\/www.klaerwerk-krefeld.org\/wp-content\/uploads\/2020\/09\/SDG_logo_DE_No-UN-Emblem_WEB-01-1920x243.png 1920w, https:\/\/www.klaerwerk-krefeld.org\/wp-content\/uploads\/2020\/09\/SDG_logo_DE_No-UN-Emblem_WEB-01-150x19.png 150w\" sizes=\"(max-width: 767px) 89vw, (max-width: 1000px) 54vw, (max-width: 1071px) 543px, 580px\" \/><\/figure>\n\n\n\n<h2 class=\"wp-block-heading\"><strong>Mal global gesehen: <\/strong><br><strong>die Fakten<\/strong><\/h2>\n\n\n\n<div class=\"wp-block-image is-style-default\"><figure class=\"alignright size-large is-resized\"><img loading=\"lazy\" decoding=\"async\" src=\"https:\/\/www.klaerwerk-krefeld.org\/wp-content\/uploads\/2020\/06\/6-sauberes-Wasser-und-sanit\u00e4re-Einrichtungen-1024x1024.png\" alt=\"\" class=\"wp-image-3877\" width=\"256\" height=\"256\" srcset=\"https:\/\/www.klaerwerk-krefeld.org\/wp-content\/uploads\/2020\/06\/6-sauberes-Wasser-und-sanit\u00e4re-Einrichtungen-1024x1024.png 1024w, https:\/\/www.klaerwerk-krefeld.org\/wp-content\/uploads\/2020\/06\/6-sauberes-Wasser-und-sanit\u00e4re-Einrichtungen-300x300.png 300w, https:\/\/www.klaerwerk-krefeld.org\/wp-content\/uploads\/2020\/06\/6-sauberes-Wasser-und-sanit\u00e4re-Einrichtungen-150x150.png 150w, https:\/\/www.klaerwerk-krefeld.org\/wp-content\/uploads\/2020\/06\/6-sauberes-Wasser-und-sanit\u00e4re-Einrichtungen-768x768.png 768w, https:\/\/www.klaerwerk-krefeld.org\/wp-content\/uploads\/2020\/06\/6-sauberes-Wasser-und-sanit\u00e4re-Einrichtungen-100x100.png 100w, https:\/\/www.klaerwerk-krefeld.org\/wp-content\/uploads\/2020\/06\/6-sauberes-Wasser-und-sanit\u00e4re-Einrichtungen-640x640.png 640w, https:\/\/www.klaerwerk-krefeld.org\/wp-content\/uploads\/2020\/06\/6-sauberes-Wasser-und-sanit\u00e4re-Einrichtungen-96x96.png 96w, https:\/\/www.klaerwerk-krefeld.org\/wp-content\/uploads\/2020\/06\/6-sauberes-Wasser-und-sanit\u00e4re-Einrichtungen.png 1500w\" sizes=\"auto, (max-width: 256px) 100vw, 256px\" \/><\/figure><\/div>\n\n\n\n<ul class=\"wp-block-list\"><li>892 Millionen Menschen haben <br>keinen Zugang zu Toiletten.<\/li><li>3 von 10 Personen haben keinen Zugang zu verl\u00e4\u00dflichen Trinkwasserdiensten <\/li><li>6 von 10 Personen haben keinen Zugang <br>zu verl\u00e4\u00dflich betriebenen sanit\u00e4ren Einrichtungen.<\/li><li><span style=\"font-size: 1rem;\">Zwischen 1990 und 2015 ist der Anteil der Weltbev\u00f6lkerung, die eine verbesserte Trinkwasserquelle nutzt, von 76 Prozent auf 90 Prozent gestiegen. <\/span><br><span style=\"font-size: 1rem;\">Das sind aber nur 14% in 25 Jahren.<\/span><\/li><li>Wasserknappheit betrifft mehr als 40 % der Weltbev\u00f6lkerung und wird voraussichtlich zunehmen. Derzeit leben \u00fcber 1,7 Milliarden Menschen in Flusseinzugsgebieten, in denen der Wasserverbrauch die vorhandenen Ressourcen \u00fcbersteigt.<\/li><li>Mehr als 80 Prozent des Abwassers, das durch menschliche Aktivit\u00e4ten entsteht, wird ohne Beseitigung der Umweltverschmutzung in Fl\u00fcsse oder das Meer eingeleitet<\/li><li>T\u00e4glich sterben fast 1.000 Kinder an vermeidbaren Wasser- und sanit\u00e4ren Durchfallerkrankungen [<a href=\"https:\/\/www.klaerwerk-krefeld.org\/index.php\/cholera\/\" data-type=\"page\" data-id=\"3546\">siehe auch: die Cholera<\/a>]<\/li><li>Ungef\u00e4hr 70 Prozent des gesamten aus Fl\u00fcssen, Seen und Grundwasserschichten entnommenen Wassers wird zur Bew\u00e4sserung verwendet<\/li><li>\u00dcberschwemmungen und andere wasserbedingte Katastrophen machen 70 Prozent aller Todesf\u00e4lle im Zusammenhang mit Naturkatastrophen aus<\/li><li>in 80 Prozent der Haushalte ohne Zugang zu Wasser auf dem Grundst\u00fcck, sind Frauen und M\u00e4dchen f\u00fcr die Wassersammlung verantwortlich.<\/li><li>In jeder vierten Gesundheitseinrichtung (zB. Krankenstation) fehlt eine Grundversorgung mit Wasser<\/li><\/ul>\n\n\n\n<h2 class=\"has-large-font-size wp-block-heading\">Wir m\u00fcssen zusammen etwas tun<\/h2>\n\n\n\n<figure class=\"wp-block-image size-large is-resized\"><img loading=\"lazy\" decoding=\"async\" src=\"https:\/\/www.klaerwerk-krefeld.org\/wp-content\/uploads\/2020\/09\/SDG_combi_RGB-1024x306.png\" alt=\"\" class=\"wp-image-4396\" width=\"345\" height=\"103\" srcset=\"https:\/\/www.klaerwerk-krefeld.org\/wp-content\/uploads\/2020\/09\/SDG_combi_RGB-1024x306.png 1024w, https:\/\/www.klaerwerk-krefeld.org\/wp-content\/uploads\/2020\/09\/SDG_combi_RGB-300x90.png 300w, https:\/\/www.klaerwerk-krefeld.org\/wp-content\/uploads\/2020\/09\/SDG_combi_RGB-768x230.png 768w, https:\/\/www.klaerwerk-krefeld.org\/wp-content\/uploads\/2020\/09\/SDG_combi_RGB-1536x460.png 1536w, https:\/\/www.klaerwerk-krefeld.org\/wp-content\/uploads\/2020\/09\/SDG_combi_RGB-2048x613.png 2048w, https:\/\/www.klaerwerk-krefeld.org\/wp-content\/uploads\/2020\/09\/SDG_combi_RGB-1920x574.png 1920w, https:\/\/www.klaerwerk-krefeld.org\/wp-content\/uploads\/2020\/09\/SDG_combi_RGB-150x45.png 150w\" sizes=\"auto, (max-width: 345px) 100vw, 345px\" \/><\/figure>\n\n\n\n<h2 class=\"wp-block-heading\">Nachhaltigkeitsziel 6 der <strong>UN Agenda 2030<\/strong>: <br><em>Verf\u00fcgbarkeit und nachhaltige Bewirtschaftung von Wasser und Sanit\u00e4rversorgung f\u00fcr alle gew\u00e4hrleisten<\/em><br><\/h2>\n\n\n\n<p class=\"has-huge-font-size\">Was ist damit gemeint?<\/p>\n\n\n\n<p class=\"has-large-font-size\">S\u00fc\u00dfwasser<\/p>\n\n\n\n<p>S\u00fc\u00dfwasser ist f\u00fcr das \u00dcberleben der Menschheit unerl\u00e4sslich. Aber seine Bedeutung wird untersch\u00e4tzt oder nicht erkannt. S\u00fc\u00dfwasser\u00f6kosysteme sind sehr anf\u00e4llig f\u00fcr den Klimawandel. <\/p>\n\n\n\n<p class=\"has-medium-font-size\">Erkenntnisse aus den Sozial- und Naturwissenschaften m\u00fcssen nun das Fachwissen in der <strong>Wasser- und Abwassertechnik<\/strong> erg\u00e4nzen. Denn nur auf die Technik zu setzen, das reicht nicht aus.<\/p>\n\n\n\n<p><\/p>\n\n\n\n<p class=\"has-large-font-size\">Wasser ist Genuss<\/p>\n\n\n\n<p>Denn H2O ist sinnlich, \u00e4sthetisch, optisch, weltlich, kulinarisch, Freude, Spa\u00df, Lust und bedeutet auch Gesundheit. Der grundlegende Zugang zu Wasser ist \u00fcberlebenswichtig. <\/p>\n\n\n\n<p class=\"has-large-font-size\"><em>Mal eine Frage: <\/em><\/p>\n\n\n\n<p class=\"has-medium-font-size\"><em>Dient mehr &#8220;Verbrauch&#8221; von Wasser auch zu mehr &#8220;Wohlbefinden&#8221;?<\/em><br><em>Auch dann, wenn all unsere Grundbed\u00fcrfnisse erf\u00fcllt sind?<\/em><br><\/p>\n\n\n\n<figure class=\"wp-block-image size-large\"><img decoding=\"async\" src=\"https:\/\/www.klaerwerk-krefeld.org\/wp-content\/uploads\/2020\/09\/IMG_6762-1024x457.jpeg\" alt=\"\" class=\"wp-image-4335\"\/><figcaption>Der Rhein bei Krefeld Uerdingen<\/figcaption><\/figure>\n\n\n\n<p class=\"has-large-font-size\">Wasser ist mehr, als nur Verbrauch<\/p>\n\n\n\n<p>Freizeit- und Erholung an Fl\u00fcssen, Seen, Wasserstra\u00dfen und Wasserlandschaften helfen uns, den Zusammenhang von Natur und uns Menschen zu verstehen. <\/p>\n\n\n\n<p>Wasserlandschaften sind von immenser Bedeutung. Dadurch werden Menschen mit einem Ortsgef\u00fchl versehen und dadurch das Wohlbefinden verbessert. <\/p>\n\n\n\n<p><\/p>\n\n\n\n<p class=\"has-large-font-size\">Wasser und unsere Zivilisation<\/p>\n\n\n\n<figure class=\"wp-block-image size-large\"><img loading=\"lazy\" decoding=\"async\" width=\"1024\" height=\"576\" src=\"https:\/\/www.klaerwerk-krefeld.org\/wp-content\/uploads\/2019\/09\/IMG_4199-1024x576.jpg\" alt=\"\" class=\"wp-image-2773\" srcset=\"https:\/\/www.klaerwerk-krefeld.org\/wp-content\/uploads\/2019\/09\/IMG_4199-1024x576.jpg 1024w, https:\/\/www.klaerwerk-krefeld.org\/wp-content\/uploads\/2019\/09\/IMG_4199-300x169.jpg 300w, https:\/\/www.klaerwerk-krefeld.org\/wp-content\/uploads\/2019\/09\/IMG_4199-768x432.jpg 768w, https:\/\/www.klaerwerk-krefeld.org\/wp-content\/uploads\/2019\/09\/IMG_4199-1536x864.jpg 1536w, https:\/\/www.klaerwerk-krefeld.org\/wp-content\/uploads\/2019\/09\/IMG_4199-2048x1152.jpg 2048w, https:\/\/www.klaerwerk-krefeld.org\/wp-content\/uploads\/2019\/09\/IMG_4199-1920x1080.jpg 1920w, https:\/\/www.klaerwerk-krefeld.org\/wp-content\/uploads\/2019\/09\/IMG_4199-150x84.jpg 150w\" sizes=\"auto, (max-width: 767px) 89vw, (max-width: 1000px) 54vw, (max-width: 1071px) 543px, 580px\" \/><figcaption><strong><strong>DasKl\u00e4rwerk<\/strong><em> ist vom Rhein nicht weit entfernt und war schon vor \u00fcber 100 Jahren daf\u00fcr erbaut worden, die Sch\u00f6nheit des Flusses, die Natur, die Wasserqualit\u00e4t, f\u00fcr Menschen Tiere und Pflanzen zu erhalten.<\/em> <\/strong><\/figcaption><\/figure>\n\n\n\n<p><\/p>\n\n\n\n<p class=\"has-medium-font-size\">Wassermuseen setzen sich daf\u00fcr ein, alle Natur- und Geisteswissenschaften zu f\u00f6rdern, damit wir Menschen besser verstehen, was ein Gleichgewicht mit der Umwelt sein k\u00f6nnte.<\/p>\n\n\n\n<p><\/p>\n\n\n\n<div class=\"wp-block-image is-style-default\"><figure class=\"alignright size-large is-resized\"><img loading=\"lazy\" decoding=\"async\" src=\"https:\/\/www.klaerwerk-krefeld.org\/wp-content\/uploads\/2020\/06\/6-sauberes-Wasser-und-sanit\u00e4re-Einrichtungen-1024x1024.png\" alt=\"\" class=\"wp-image-3877\" width=\"94\" height=\"94\" srcset=\"https:\/\/www.klaerwerk-krefeld.org\/wp-content\/uploads\/2020\/06\/6-sauberes-Wasser-und-sanit\u00e4re-Einrichtungen-1024x1024.png 1024w, https:\/\/www.klaerwerk-krefeld.org\/wp-content\/uploads\/2020\/06\/6-sauberes-Wasser-und-sanit\u00e4re-Einrichtungen-300x300.png 300w, https:\/\/www.klaerwerk-krefeld.org\/wp-content\/uploads\/2020\/06\/6-sauberes-Wasser-und-sanit\u00e4re-Einrichtungen-150x150.png 150w, https:\/\/www.klaerwerk-krefeld.org\/wp-content\/uploads\/2020\/06\/6-sauberes-Wasser-und-sanit\u00e4re-Einrichtungen-768x768.png 768w, https:\/\/www.klaerwerk-krefeld.org\/wp-content\/uploads\/2020\/06\/6-sauberes-Wasser-und-sanit\u00e4re-Einrichtungen-100x100.png 100w, https:\/\/www.klaerwerk-krefeld.org\/wp-content\/uploads\/2020\/06\/6-sauberes-Wasser-und-sanit\u00e4re-Einrichtungen-640x640.png 640w, https:\/\/www.klaerwerk-krefeld.org\/wp-content\/uploads\/2020\/06\/6-sauberes-Wasser-und-sanit\u00e4re-Einrichtungen-96x96.png 96w, https:\/\/www.klaerwerk-krefeld.org\/wp-content\/uploads\/2020\/06\/6-sauberes-Wasser-und-sanit\u00e4re-Einrichtungen.png 1500w\" sizes=\"auto, (max-width: 94px) 100vw, 94px\" \/><\/figure><\/div>\n\n\n\n<p class=\"has-large-font-size\">Was soll denn erreicht werden?<\/p>\n\n\n\n<ul class=\"wp-block-list\"><li>Bis 2030 den allgemeinen und gerechten Zugang zu einwandfreiem und bezahlbarem Trinkwasser f\u00fcr alle erreichen.<\/li><li>Bis 2030 den Zugang zu einer angemessenen und gerechten Sanit\u00e4rversorgung und Hygiene f\u00fcr alle erreichen und der Notdurftverrichtung im Freien ein Ende setzen, unter besonderer Beachtung der Bed\u00fcrfnisse von Frauen und M\u00e4dchen und von Menschen in prek\u00e4ren Situationen.<\/li><li>Bis 2030 die Wasserqualit\u00e4t durch Verringerung der Verschmutzung, Beendigung des Einbringens und Minimierung der Freisetzung gef\u00e4hrlicher Chemikalien und Stoffe, Halbierung des Anteils unbehandelten Abwassers und eine betr\u00e4chtliche Steigerung der Wiederaufbereitung und gefahrlosen Wiederverwendung weltweit verbessern.<\/li><li>Bis 2030 die Effizienz der Wassernutzung in allen Sektoren wesentlich steigern und eine nachhaltige Entnahme und Bereitstellung von S\u00fc\u00dfwasser gew\u00e4hrleisten, um der Wasserknappheit zu begegnen und die Zahl der unter Wasserknappheit leidenden Menschen erheblich zu verringern.<\/li><li>Bis 2030 auf allen Ebenen eine integrierte Bewirtschaftung der Wasserressourcen umsetzen, gegebenenfalls auch mittels grenz\u00fcberschreitender Zusammenarbeit.<\/li><li>Bis 2020 wasserverbundene \u00d6kosysteme sch\u00fctzen und wiederherstellen, darunter Berge, W\u00e4lder, Feuchtgebiete, Fl\u00fcsse, Grundwasserleiter und Seen.<\/li><\/ul>\n\n\n\n<p class=\"has-large-font-size\">Wie soll das erreicht werden?<\/p>\n\n\n\n<ul class=\"wp-block-list\"><li>Bis 2030 die internationale Zusammenarbeit und die Unterst\u00fctzung der Entwicklungsl\u00e4nder beim Kapazit\u00e4tsaufbau f\u00fcr Aktivit\u00e4ten und Programme im Bereich der Wasser- und Sanit\u00e4rversorgung ausbauen, einschlie\u00dflich der Wassersammlung und -speicherung, Entsalzung, effizienten Wassernutzung, Abwasserbehandlung, Wiederaufbereitungs- und Wiederverwendungstechnologien.<\/li><li>Die Mitwirkung lokaler Gemeinwesen an der Verbesserung der Wasserbewirtschaftung und der Sanit\u00e4rversorgung unterst\u00fctzen und verst\u00e4rken.<\/li><li>Bildung<\/li><\/ul>\n\n\n\n<p class=\"has-large-font-size\">Mehr zu den Zielen und Messwerten (SDGs) der Agenda 2030 hier:<\/p>\n\n\n\n<figure class=\"wp-block-image size-large\"><img loading=\"lazy\" decoding=\"async\" width=\"1024\" height=\"130\" src=\"https:\/\/www.klaerwerk-krefeld.org\/wp-content\/uploads\/2020\/09\/SDG_logo_DE_No-UN-Emblem_WEB-01-1024x130.png\" alt=\"\" class=\"wp-image-4402\" srcset=\"https:\/\/www.klaerwerk-krefeld.org\/wp-content\/uploads\/2020\/09\/SDG_logo_DE_No-UN-Emblem_WEB-01-1024x130.png 1024w, https:\/\/www.klaerwerk-krefeld.org\/wp-content\/uploads\/2020\/09\/SDG_logo_DE_No-UN-Emblem_WEB-01-300x38.png 300w, https:\/\/www.klaerwerk-krefeld.org\/wp-content\/uploads\/2020\/09\/SDG_logo_DE_No-UN-Emblem_WEB-01-768x97.png 768w, https:\/\/www.klaerwerk-krefeld.org\/wp-content\/uploads\/2020\/09\/SDG_logo_DE_No-UN-Emblem_WEB-01-1536x195.png 1536w, https:\/\/www.klaerwerk-krefeld.org\/wp-content\/uploads\/2020\/09\/SDG_logo_DE_No-UN-Emblem_WEB-01-2048x260.png 2048w, https:\/\/www.klaerwerk-krefeld.org\/wp-content\/uploads\/2020\/09\/SDG_logo_DE_No-UN-Emblem_WEB-01-1920x243.png 1920w, https:\/\/www.klaerwerk-krefeld.org\/wp-content\/uploads\/2020\/09\/SDG_logo_DE_No-UN-Emblem_WEB-01-150x19.png 150w\" sizes=\"auto, (max-width: 767px) 89vw, (max-width: 1000px) 54vw, (max-width: 1071px) 543px, 580px\" \/><\/figure>\n\n\n\n<p><a href=\"https:\/\/www.2030agenda.de\/de\/ueber-uns\">Agenda 2030<\/a><\/p>\n\n\n\n<p><a href=\"https:\/\/www.unesco.de\/bildung\/agenda-bildung-2030\/bildung-und-die-sdgs\">https:\/\/www.unesco.de\/bildung\/agenda-bildung-2030\/bildung-und-die-sdgs<\/a><\/p>\n\n\n\n<p><strong>Daten der nationalen Berichtsplattform (NRP): <\/strong><\/p>\n\n\n\n<p><a href=\"https:\/\/sustainabledevelopment-deutschland.github.io\/status_summary\/\">https:\/\/sustainabledevelopment-deutschland.github.io\/status_summary\/<\/a><\/p>\n","protected":false},"excerpt":{"rendered":"<p>Mal global gesehen: die Fakten 892 Millionen Menschen haben keinen Zugang zu Toiletten. 3 von 10 Personen haben keinen Zugang zu verl\u00e4\u00dflichen Trinkwasserdiensten 6 von 10 Personen haben keinen Zugang zu verl\u00e4\u00dflich betriebenen sanit\u00e4ren Einrichtungen. Zwischen 1990 und 2015 ist der Anteil der Weltbev\u00f6lkerung, die eine verbesserte Trinkwasserquelle nutzt, von 76 Prozent auf 90 Prozent &hellip; <\/p>\n<p class=\"link-more\"><a href=\"https:\/\/www.klaerwerk-krefeld.org\/index.php\/sauberes-wasser-und-sanitaere-einrichtungen\/\" class=\"more-link\"><span class=\"screen-reader-text\">\u201eSauberes Wasser, sanit\u00e4re Einrichtungen\u201c <\/span>weiterlesen<\/a><\/p>\n","protected":false},"author":1,"featured_media":0,"parent":0,"menu_order":0,"comment_status":"closed","ping_status":"closed","template":"","meta":{"footnotes":""},"class_list":["post-3867","page","type-page","status-publish","hentry"],"_links":{"self":[{"href":"https:\/\/www.klaerwerk-krefeld.org\/index.php\/wp-json\/wp\/v2\/pages\/3867","targetHints":{"allow":["GET"]}}],"collection":[{"href":"https:\/\/www.klaerwerk-krefeld.org\/index.php\/wp-json\/wp\/v2\/pages"}],"about":[{"href":"https:\/\/www.klaerwerk-krefeld.org\/index.php\/wp-json\/wp\/v2\/types\/page"}],"author":[{"embeddable":true,"href":"https:\/\/www.klaerwerk-krefeld.org\/index.php\/wp-json\/wp\/v2\/users\/1"}],"replies":[{"embeddable":true,"href":"https:\/\/www.klaerwerk-krefeld.org\/index.php\/wp-json\/wp\/v2\/comments?post=3867"}],"version-history":[{"count":20,"href":"https:\/\/www.klaerwerk-krefeld.org\/index.php\/wp-json\/wp\/v2\/pages\/3867\/revisions"}],"predecessor-version":[{"id":5540,"href":"https:\/\/www.klaerwerk-krefeld.org\/index.php\/wp-json\/wp\/v2\/pages\/3867\/revisions\/5540"}],"wp:attachment":[{"href":"https:\/\/www.klaerwerk-krefeld.org\/index.php\/wp-json\/wp\/v2\/media?parent=3867"}],"curies":[{"name":"wp","href":"https:\/\/api.w.org\/{rel}","templated":true}]}}