{"id":3546,"date":"2020-04-01T12:04:03","date_gmt":"2020-04-01T10:04:03","guid":{"rendered":"https:\/\/www.klaerwerk-krefeld.org\/?page_id=3546"},"modified":"2021-08-28T15:22:39","modified_gmt":"2021-08-28T13:22:39","slug":"cholera","status":"publish","type":"page","link":"https:\/\/www.klaerwerk-krefeld.org\/index.php\/cholera\/","title":{"rendered":"Die Geschichte der Pandemien: Cholera"},"content":{"rendered":"\n<p class=\"has-medium-font-size\">Oder: <strong>Was macht die Menschen in den St\u00e4dten krank?<\/strong><\/p>\n\n\n\n<p>Dieser Frage stellen sich Stadtr\u00e4te, Mediziner, Forscher und Ingenieure schon seit dem Beginn unserer St\u00e4dte. Die Lebensverh\u00e4ltnisse in den stark wachsenden urbanen Ballungsr\u00e4umen die w\u00e4hrend der Industrialisierung entstanden, wurden aber bedeutend schlechter. <\/p>\n\n\n\n<p>Dabei spielte der Ausbruch der Cholera eine besondere Rolle.  <\/p>\n\n\n\n<h2 class=\"wp-block-heading\">Start der Serie:<br> <a href=\"https:\/\/www.klaerwerk-krefeld.org\/index.php\/cholera-ausbreitung-pandemie\/\"><strong>1. das Zeitalter der Cholera Pandemien<\/strong><\/a><\/h2>\n\n\n\n<div class=\"menu-cholera-container\"><ul id=\"menu-cholera\" class=\"menu\"><li id=\"menu-item-3583\" class=\"menu-item menu-item-type-post_type menu-item-object-page menu-item-has-children menu-item-3583\"><a href=\"https:\/\/www.klaerwerk-krefeld.org\/index.php\/cholera\/\">Die Geschichte der Pandemien: Cholera<\/a>\n<ul class=\"sub-menu\">\n\t<li id=\"menu-item-3376\" class=\"menu-item menu-item-type-post_type menu-item-object-page menu-item-3376\"><a href=\"https:\/\/www.klaerwerk-krefeld.org\/index.php\/cholera-ausbreitung-pandemie\/\">1. Das Zeitalter der Cholera Pandemien<\/a><\/li>\n\t<li id=\"menu-item-3377\" class=\"menu-item menu-item-type-post_type menu-item-object-page menu-item-3377\"><a href=\"https:\/\/www.klaerwerk-krefeld.org\/index.php\/die-erforschung-der-cholera\/\">2. Die Erforschung der Cholera<\/a><\/li>\n\t<li id=\"menu-item-3379\" class=\"menu-item menu-item-type-post_type menu-item-object-page menu-item-has-children menu-item-3379\"><a href=\"https:\/\/www.klaerwerk-krefeld.org\/index.php\/die-entdeckung-des-cholera-erregers\/\">3. Die Entdeckung des Cholera- Erregers<\/a>\n\t<ul class=\"sub-menu\">\n\t\t<li id=\"menu-item-3498\" class=\"menu-item menu-item-type-custom menu-item-object-custom menu-item-3498\"><a href=\"https:\/\/www.klaerwerk-krefeld.org\/index.php\/die-entdeckung-des-cholera-erregers\/#Vierte%20Cholera%20Pandemie\">Die vierte Cholera Pandemie<\/a><\/li>\n\t\t<li id=\"menu-item-3500\" class=\"menu-item menu-item-type-custom menu-item-object-custom menu-item-3500\"><a href=\"https:\/\/www.klaerwerk-krefeld.org\/index.php\/die-entdeckung-des-cholera-erregers\/#Cholera%20Forschungsexpeditionen%20in%20\u00c4gypten%20und%20Indien\">Cholera Forschungsexpeditionen in \u00c4gypten und Indien<\/a><\/li>\n\t\t<li id=\"menu-item-3502\" class=\"menu-item menu-item-type-custom menu-item-object-custom menu-item-3502\"><a href=\"https:\/\/www.klaerwerk-krefeld.org\/index.php\/die-entdeckung-des-cholera-erregers\/#Der%20Cholera%20Erreger%20wird%20sichtbar\">Der Cholera Erreger wird sichtbar<\/a><\/li>\n\t\t<li id=\"menu-item-3506\" class=\"menu-item menu-item-type-custom menu-item-object-custom menu-item-3506\"><a href=\"https:\/\/www.klaerwerk-krefeld.org\/index.php\/die-entdeckung-des-cholera-erregers\/#Robert%20Koch%20Institut\">Robert Koch Institut wird gegr\u00fcndet<\/a><\/li>\n\t<\/ul>\n<\/li>\n\t<li id=\"menu-item-3438\" class=\"menu-item menu-item-type-post_type menu-item-object-page menu-item-3438\"><a href=\"https:\/\/www.klaerwerk-krefeld.org\/index.php\/die-hygiene-der-staedte\/\">4. Die Hygiene der St\u00e4dte im Kampf gegen die Cholera<\/a><\/li>\n\t<li id=\"menu-item-3470\" class=\"menu-item menu-item-type-post_type menu-item-object-page menu-item-3470\"><a href=\"https:\/\/www.klaerwerk-krefeld.org\/index.php\/der-ausbruch-der-cholera-in-hamburg\/\">5. Der Ausbruch der Cholera in Hamburg<\/a><\/li>\n<\/ul>\n<\/li>\n<\/ul><\/div>\n\n\n\n<p>Weitere Ressourcen: <\/p>\n\n\n\n<ul class=\"wp-block-list\"><li><a href=\"https:\/\/www.who.int\/health-topics\/cholera#\"> WHO zur Cholera<\/a><\/li><li><a href=\"https:\/\/www.sdg6data.org\/indicator\/6.2.1a\">SDG6 der Agenda 2030 zum Thema Sanitition, Hygiene und Wasser<\/a><\/li><li>Ziel 6: <a href=\"https:\/\/www.klaerwerk-krefeld.org\/index.php\/sauberes-wasser-und-sanitaere-einrichtungen\/\">sauberes Wasser, sanit\u00e4re Einrichtungen<\/a><\/li><\/ul>\n","protected":false},"excerpt":{"rendered":"<p>Oder: Was macht die Menschen in den St\u00e4dten krank? Dieser Frage stellen sich Stadtr\u00e4te, Mediziner, Forscher und Ingenieure schon seit dem Beginn unserer St\u00e4dte. Die Lebensverh\u00e4ltnisse in den stark wachsenden urbanen Ballungsr\u00e4umen die w\u00e4hrend der Industrialisierung entstanden, wurden aber bedeutend schlechter. Dabei spielte der Ausbruch der Cholera eine besondere Rolle. Start der Serie: 1. das &hellip; <\/p>\n<p class=\"link-more\"><a href=\"https:\/\/www.klaerwerk-krefeld.org\/index.php\/cholera\/\" class=\"more-link\"><span class=\"screen-reader-text\">\u201eDie Geschichte der Pandemien: Cholera\u201c <\/span>weiterlesen<\/a><\/p>\n","protected":false},"author":1,"featured_media":5938,"parent":0,"menu_order":0,"comment_status":"closed","ping_status":"closed","template":"","meta":{"footnotes":""},"class_list":["post-3546","page","type-page","status-publish","has-post-thumbnail","hentry"],"_links":{"self":[{"href":"https:\/\/www.klaerwerk-krefeld.org\/index.php\/wp-json\/wp\/v2\/pages\/3546","targetHints":{"allow":["GET"]}}],"collection":[{"href":"https:\/\/www.klaerwerk-krefeld.org\/index.php\/wp-json\/wp\/v2\/pages"}],"about":[{"href":"https:\/\/www.klaerwerk-krefeld.org\/index.php\/wp-json\/wp\/v2\/types\/page"}],"author":[{"embeddable":true,"href":"https:\/\/www.klaerwerk-krefeld.org\/index.php\/wp-json\/wp\/v2\/users\/1"}],"replies":[{"embeddable":true,"href":"https:\/\/www.klaerwerk-krefeld.org\/index.php\/wp-json\/wp\/v2\/comments?post=3546"}],"version-history":[{"count":17,"href":"https:\/\/www.klaerwerk-krefeld.org\/index.php\/wp-json\/wp\/v2\/pages\/3546\/revisions"}],"predecessor-version":[{"id":5943,"href":"https:\/\/www.klaerwerk-krefeld.org\/index.php\/wp-json\/wp\/v2\/pages\/3546\/revisions\/5943"}],"wp:featuredmedia":[{"embeddable":true,"href":"https:\/\/www.klaerwerk-krefeld.org\/index.php\/wp-json\/wp\/v2\/media\/5938"}],"wp:attachment":[{"href":"https:\/\/www.klaerwerk-krefeld.org\/index.php\/wp-json\/wp\/v2\/media?parent=3546"}],"curies":[{"name":"wp","href":"https:\/\/api.w.org\/{rel}","templated":true}]}}

<p class="has-medium-font-size">Oder: <strong>Was macht die Menschen in den Städten krank?</strong></p>



<p>Dieser Frage stellen sich Stadträte, Mediziner, Forscher und Ingenieure schon seit dem Beginn unserer Städte. Die Lebensverhältnisse in den stark wachsenden urbanen Ballungsräumen die während der Industrialisierung entstanden, wurden aber bedeutend schlechter. </p>



<p>Dabei spielte der Ausbruch der Cholera eine besondere Rolle.  </p>



<h2 class="wp-block-heading">Start der Serie:<br> <a href="https://www.klaerwerk-krefeld.org/index.php/cholera-ausbreitung-pandemie/"><strong>1. das Zeitalter der Cholera Pandemien</strong></a></h2>



<div class="menu-cholera-container"><ul id="menu-cholera" class="menu"><li id="menu-item-3583" class="menu-item menu-item-type-post_type menu-item-object-page menu-item-has-children menu-item-3583"><a href="https://www.klaerwerk-krefeld.org/index.php/cholera/">Die Geschichte der Pandemien: Cholera</a>
<ul class="sub-menu">
	<li id="menu-item-3376" class="menu-item menu-item-type-post_type menu-item-object-page menu-item-3376"><a href="https://www.klaerwerk-krefeld.org/index.php/cholera-ausbreitung-pandemie/">1. Das Zeitalter der Cholera Pandemien</a></li>
	<li id="menu-item-3377" class="menu-item menu-item-type-post_type menu-item-object-page menu-item-3377"><a href="https://www.klaerwerk-krefeld.org/index.php/die-erforschung-der-cholera/">2. Die Erforschung der Cholera</a></li>
	<li id="menu-item-3379" class="menu-item menu-item-type-post_type menu-item-object-page menu-item-has-children menu-item-3379"><a href="https://www.klaerwerk-krefeld.org/index.php/die-entdeckung-des-cholera-erregers/">3. Die Entdeckung des Cholera- Erregers</a>
	<ul class="sub-menu">
		<li id="menu-item-3498" class="menu-item menu-item-type-custom menu-item-object-custom menu-item-3498"><a href="https://www.klaerwerk-krefeld.org/index.php/die-entdeckung-des-cholera-erregers/#Vierte%20Cholera%20Pandemie">Die vierte Cholera Pandemie</a></li>
		<li id="menu-item-3500" class="menu-item menu-item-type-custom menu-item-object-custom menu-item-3500"><a href="https://www.klaerwerk-krefeld.org/index.php/die-entdeckung-des-cholera-erregers/#Cholera%20Forschungsexpeditionen%20in%20Ägypten%20und%20Indien">Cholera Forschungsexpeditionen in Ägypten und Indien</a></li>
		<li id="menu-item-3502" class="menu-item menu-item-type-custom menu-item-object-custom menu-item-3502"><a href="https://www.klaerwerk-krefeld.org/index.php/die-entdeckung-des-cholera-erregers/#Der%20Cholera%20Erreger%20wird%20sichtbar">Der Cholera Erreger wird sichtbar</a></li>
		<li id="menu-item-3506" class="menu-item menu-item-type-custom menu-item-object-custom menu-item-3506"><a href="https://www.klaerwerk-krefeld.org/index.php/die-entdeckung-des-cholera-erregers/#Robert%20Koch%20Institut">Robert Koch Institut wird gegründet</a></li>
	</ul>
</li>
	<li id="menu-item-3438" class="menu-item menu-item-type-post_type menu-item-object-page menu-item-3438"><a href="https://www.klaerwerk-krefeld.org/index.php/die-hygiene-der-staedte/">4. Die Hygiene der Städte im Kampf gegen die Cholera</a></li>
	<li id="menu-item-3470" class="menu-item menu-item-type-post_type menu-item-object-page menu-item-3470"><a href="https://www.klaerwerk-krefeld.org/index.php/der-ausbruch-der-cholera-in-hamburg/">5. Der Ausbruch der Cholera in Hamburg</a></li>
</ul>
</li>
</ul></div>



<p>Weitere Ressourcen: </p>



<ul class="wp-block-list"><li><a href="https://www.who.int/health-topics/cholera#"> WHO zur Cholera</a></li><li><a href="https://www.sdg6data.org/indicator/6.2.1a">SDG6 der Agenda 2030 zum Thema Sanitition, Hygiene und Wasser</a></li><li>Ziel 6: <a href="https://www.klaerwerk-krefeld.org/index.php/sauberes-wasser-und-sanitaere-einrichtungen/">sauberes Wasser, sanitäre Einrichtungen</a></li></ul>

<p>Oder: Was macht die Menschen in den Städten krank? Dieser Frage stellen sich Stadträte, Mediziner, Forscher und Ingenieure schon seit dem Beginn unserer Städte. Die Lebensverhältnisse in den stark wachsenden urbanen Ballungsräumen die während der Industrialisierung entstanden, wurden aber bedeutend schlechter. Dabei spielte der Ausbruch der Cholera eine besondere Rolle. Start der Serie: 1. das &hellip; </p>
<p class="link-more"><a href="https://www.klaerwerk-krefeld.org/index.php/cholera/" class="more-link"><span class="screen-reader-text">„Die Geschichte der Pandemien: Cholera“ </span>weiterlesen</a></p>
