{"id":3321,"date":"2020-03-22T18:03:11","date_gmt":"2020-03-22T17:03:11","guid":{"rendered":"https:\/\/www.klaerwerk-krefeld.org\/?page_id=3321"},"modified":"2020-04-02T21:33:09","modified_gmt":"2020-04-02T19:33:09","slug":"die-hygiene-der-staedte","status":"publish","type":"page","link":"https:\/\/www.klaerwerk-krefeld.org\/index.php\/die-hygiene-der-staedte\/","title":{"rendered":"4. Die Hygiene der St\u00e4dte im Kampf gegen die Cholera"},"content":{"rendered":"\n<p>In Deutschland gab es zun\u00e4chst keine Gelegenheit, die praktischen Lehren aus Robert Kochs <a href=\"https:\/\/www.klaerwerk-krefeld.org\/index.php\/die-entdeckung-des-cholera-erregers\/\">Entdeckung des Cholera-Bakteriums<\/a>  bei der Bek\u00e4mpfung eines Ausbruchs der Cholera in die Praxis zu \u00fcbertragen. \u00c4rzte und auch Politiker folgten somit weiterhin der Lehre <a href=\"https:\/\/www.klaerwerk-krefeld.org\/index.php\/die-erforschung-der-cholera\/\">Max von Pettenkofers<\/a>, denn dessen &#8220;Bodentheorie&#8221; setzte auf <strong>Vorbeugung<\/strong>. Seiner Theorie nach sollte die sanit\u00e4re Sanierung der St\u00e4dte  durch die Einf\u00fchrung einer Schwemmkanalisation und einer zentralen Wasserversorgung die Gefahr der Cholera aus dem &#8220;Boden&#8221; nehmen.<\/p>\n\n\n\n<p>Der stetig ansteigende Strom von Arbeitern und deren Familien in die St\u00e4dte lie\u00df nun neue Probleme entstehen: denn im gleichen Ma\u00dfe, wie die Industrie wuchs und die Bev\u00f6lkerung zunahm, stieg auch der Wasserbedarf und als Folge die Menge an Abwasser. W\u00e4hrend zeitgleich eine <em>unsichtbare Stadt<\/em> aus Versorgungsleitungen und Kan\u00e4len unter den Stra\u00dfen entstand, setzte zudem versch\u00e4rfend eine Transformation der Gesellschaft ein: das neue und moralisch begr\u00fcndete soziale Verhalten der Reinigung, des Waschens und des sauberen Hauses schufen eine fast schon &#8220;erfundene&#8221; h\u00e4usliche Sauberkeit. <\/p>\n\n\n\n<p>Dazu kam das immense Problem der Menge der F\u00e4kalien, die die Bewohner der wachsenden St\u00e4dte produzierten. Bis zum Ende des 19. Jahrhunderts wurden die F\u00e4kalien in der Stadt gesammelt und abgefahren. Noch 1906 wurde beispielhaft aus der Stadt Krefeld im Rheinland vermeldet: &#8220;Die F\u00e4kalien werden zurzeit in Gruben gesammelt und nach Be\u00addarf vermittels pneumatischer Hebung in wasser- und gasdichte F\u00f6rder\u00adwagen \u00fcbergepumpt und zur landwirtschaftlichen Ausnutzung abgefahren.\u201c <\/p>\n\n\n\n<p>Diese g\u00e4ngige Methode der St\u00e4dtereinigung kam an ihre quantitativen Grenzen und zus\u00e4tzlich nahm das Streben nach h\u00e4uslicher Sauberkeit zu und paarte sich mit einer diffusen Angst der Bev\u00f6lkerung vor Infektionen wie der Cholera. In den Debatten ging es um viele Fragen der Hygiene, aber insbesondere auch um die Frage, ob die technische Errungenschaft des Wasserklosetts an die Schwemmkanalisation angeschlossen werden d\u00fcrfe. In Ratssitzungen, Aussch\u00fcssen, Vereinssitzungen, Gutachten und eigens gebildeten Kommissionen wurde \u00fcber den daraus entstehenden Begriff der &#8220;St\u00e4dtereinigungsfrage&#8221; diskutiert und in erheblichem Umfang auch publiziert.    <\/p>\n\n\n\n<h2 class=\"wp-block-heading\">Die St\u00e4dtereinigungsfrage<\/h2>\n\n\n\n<p>Zwei diametrale Lager bildeten sich in der St\u00e4dtereinigungsfrage heraus: <\/p>\n\n\n\n<div class=\"wp-block-group\"><div class=\"wp-block-group__inner-container is-layout-flow wp-block-group-is-layout-flow\">\n<ul class=\"wp-block-list\"><li>Die \u201eKanalisationbef\u00fcrworter\u201c fanden im \u201edeutschen Verein f\u00fcr \u00f6ffentliche Gesundheitspflege&#8221; ihre institutionelle Vertretung. <\/li><li>Die \u201eKanalisationsgegner\u201c, die die herk\u00f6mmliche Art der Abfuhr der F\u00e4kalien favorisierten, gr\u00fcndeten 1877 in K\u00f6ln den &#8220;Internationalen Verein gegen Verunreinigung der Fl\u00fcsse, des Bodens und der Luft\u201c. Sie hatten Angst vor dem Verlust von menschlichem Dung f\u00fcr die  Landwirtschaft und bef\u00fcrchteten in der Folge auch Wohlstandsverluste.<\/li><\/ul>\n<\/div><\/div>\n\n\n\n<p> <\/p>\n\n\n\n<p>F\u00fcr die St\u00e4dte, die die \u201emoderne\u201c Schwemmkanalisation immer noch nicht eingef\u00fchrt hatten, entstand immer mehr Handlungsbedarf. Aus dem chemischen Laboratorium f\u00fcr praktische Hygiene in Hamburg berichtete Dr. Krohnke in &#8220;Die Gesundheit XXIV 1901&#8221;:<\/p>\n\n\n\n<blockquote class=\"wp-block-quote is-style-default is-layout-flow wp-block-quote-is-layout-flow\"><p>\u201eVon den modernen gesundheitstechnischen Hauseinrichtungen haben sich die Sp\u00fclaborte (Wasserklosets) am schnellsten bei uns eingef\u00fchrt und d\u00fcrfen heute wohl schon \u2014 allgemein gesprochen \u2014 als ein Bed\u00fcrfnis f\u00fcr das Wohlbehagen in unseren Wohnst\u00e4tten gelten.&#8221;<\/p><\/blockquote>\n\n\n\n<p>Diese modernen Toiletten waren bereits in gro\u00dfer Zahl &#8211; zumindest als \u00dcberlauf von  Senkgruben &#8211; defakto an die Kanalisation angeschlossen worden. Der K\u00f6lner Stadtbaurat Steuernagel schrieb 1898 in einer Festschrift r\u00fcckblickend: <\/p>\n\n\n\n<blockquote class=\"wp-block-quote is-style-default is-layout-flow wp-block-quote-is-layout-flow\"><p>&#8220;Obschon die Einf\u00fchrung von F\u00e4kalien in die Kan\u00e4le untersagt war, bestand eine gro\u00dfe Anzahl derartiger Anschl\u00fcsse von Alters her.&#8221;<\/p><\/blockquote>\n\n\n\n<p>Kommunen und Regierung mussten sich zur St\u00e4dtereinigungsfrage \u00e4u\u00dfern und Gesetze erlassen. Die Bef\u00fcrworter der \u201eSchwemmkanalisation&#8221; hatten sich grunds\u00e4tzlich durchgesetzt. Die Abwassereinleitung wurde fast uneingeschr\u00e4nkt erlaubt. Mit diesen  Entscheidungen wurde erstmals das Einleiten von kommunalen Abw\u00e4ssern in Fl\u00fcsse ausdr\u00fccklich zugelassen, die St\u00e4dte konnten sich damit von ihren F\u00e4kalien durch den Strom des Abwassers in der Schwemmkanalisation befreien, die \u201eStadtreinigungsfrage\u201c war, zumindest politisch, gel\u00f6st. Das Resultat war das Verschwinden, Wegsp\u00fclen von hygienischen Problemen in die unterirdischen,  hochtechnischen Systeme. Das bis heute unsichtbare hydrologische Netz entstand.<\/p>\n\n\n\n<hr class=\"wp-block-separator\"\/>\n\n\n\n<div class=\"wp-block-buttons is-layout-flex wp-block-buttons-is-layout-flex\">\n<div class=\"wp-block-button\"><a class=\"wp-block-button__link has-text-color has-very-dark-gray-color has-background has-electric-grass-gradient-background\" href=\"https:\/\/www.klaerwerk-krefeld.org\/index.php\/der-ausbruch-der-cholera-in-hamburg\/\" style=\"border-radius:6px\">Der Ausbruch der Cholera in Hamburg<\/a><\/div>\n<\/div>\n\n\n\n<hr class=\"wp-block-separator\"\/>\n\n\n\n<div class=\"menu-cholera-container\"><ul id=\"menu-cholera\" class=\"menu\"><li id=\"menu-item-3583\" class=\"menu-item menu-item-type-post_type menu-item-object-page menu-item-has-children menu-item-3583\"><a href=\"https:\/\/www.klaerwerk-krefeld.org\/index.php\/cholera\/\">Die Geschichte der Pandemien: Cholera<\/a>\n<ul class=\"sub-menu\">\n\t<li id=\"menu-item-3376\" class=\"menu-item menu-item-type-post_type menu-item-object-page menu-item-3376\"><a href=\"https:\/\/www.klaerwerk-krefeld.org\/index.php\/cholera-ausbreitung-pandemie\/\">1. Das Zeitalter der Cholera Pandemien<\/a><\/li>\n\t<li id=\"menu-item-3377\" class=\"menu-item menu-item-type-post_type menu-item-object-page menu-item-3377\"><a href=\"https:\/\/www.klaerwerk-krefeld.org\/index.php\/die-erforschung-der-cholera\/\">2. Die Erforschung der Cholera<\/a><\/li>\n\t<li id=\"menu-item-3379\" class=\"menu-item menu-item-type-post_type menu-item-object-page menu-item-has-children menu-item-3379\"><a href=\"https:\/\/www.klaerwerk-krefeld.org\/index.php\/die-entdeckung-des-cholera-erregers\/\">3. Die Entdeckung des Cholera- Erregers<\/a>\n\t<ul class=\"sub-menu\">\n\t\t<li id=\"menu-item-3498\" class=\"menu-item menu-item-type-custom menu-item-object-custom menu-item-3498\"><a href=\"https:\/\/www.klaerwerk-krefeld.org\/index.php\/die-entdeckung-des-cholera-erregers\/#Vierte%20Cholera%20Pandemie\">Die vierte Cholera Pandemie<\/a><\/li>\n\t\t<li id=\"menu-item-3500\" class=\"menu-item menu-item-type-custom menu-item-object-custom menu-item-3500\"><a href=\"https:\/\/www.klaerwerk-krefeld.org\/index.php\/die-entdeckung-des-cholera-erregers\/#Cholera%20Forschungsexpeditionen%20in%20\u00c4gypten%20und%20Indien\">Cholera Forschungsexpeditionen in \u00c4gypten und Indien<\/a><\/li>\n\t\t<li id=\"menu-item-3502\" class=\"menu-item menu-item-type-custom menu-item-object-custom menu-item-3502\"><a href=\"https:\/\/www.klaerwerk-krefeld.org\/index.php\/die-entdeckung-des-cholera-erregers\/#Der%20Cholera%20Erreger%20wird%20sichtbar\">Der Cholera Erreger wird sichtbar<\/a><\/li>\n\t\t<li id=\"menu-item-3506\" class=\"menu-item menu-item-type-custom menu-item-object-custom menu-item-3506\"><a href=\"https:\/\/www.klaerwerk-krefeld.org\/index.php\/die-entdeckung-des-cholera-erregers\/#Robert%20Koch%20Institut\">Robert Koch Institut wird gegr\u00fcndet<\/a><\/li>\n\t<\/ul>\n<\/li>\n\t<li id=\"menu-item-3438\" class=\"menu-item menu-item-type-post_type menu-item-object-page menu-item-3438\"><a href=\"https:\/\/www.klaerwerk-krefeld.org\/index.php\/die-hygiene-der-staedte\/\">4. Die Hygiene der St\u00e4dte im Kampf gegen die Cholera<\/a><\/li>\n\t<li id=\"menu-item-3470\" class=\"menu-item menu-item-type-post_type menu-item-object-page menu-item-3470\"><a href=\"https:\/\/www.klaerwerk-krefeld.org\/index.php\/der-ausbruch-der-cholera-in-hamburg\/\">5. Der Ausbruch der Cholera in Hamburg<\/a><\/li>\n<\/ul>\n<\/li>\n<\/ul><\/div>\n","protected":false},"excerpt":{"rendered":"<p>In Deutschland gab es zun\u00e4chst keine Gelegenheit, die praktischen Lehren aus Robert Kochs Entdeckung des Cholera-Bakteriums bei der Bek\u00e4mpfung eines Ausbruchs der Cholera in die Praxis zu \u00fcbertragen. \u00c4rzte und auch Politiker folgten somit weiterhin der Lehre Max von Pettenkofers, denn dessen &#8220;Bodentheorie&#8221; setzte auf Vorbeugung. Seiner Theorie nach sollte die sanit\u00e4re Sanierung der St\u00e4dte &hellip; <\/p>\n<p class=\"link-more\"><a href=\"https:\/\/www.klaerwerk-krefeld.org\/index.php\/die-hygiene-der-staedte\/\" class=\"more-link\"><span class=\"screen-reader-text\">\u201e4. Die Hygiene der St\u00e4dte im Kampf gegen die Cholera\u201c <\/span>weiterlesen<\/a><\/p>\n","protected":false},"author":1,"featured_media":0,"parent":0,"menu_order":0,"comment_status":"closed","ping_status":"closed","template":"","meta":{"footnotes":""},"class_list":["post-3321","page","type-page","status-publish","hentry"],"_links":{"self":[{"href":"https:\/\/www.klaerwerk-krefeld.org\/index.php\/wp-json\/wp\/v2\/pages\/3321","targetHints":{"allow":["GET"]}}],"collection":[{"href":"https:\/\/www.klaerwerk-krefeld.org\/index.php\/wp-json\/wp\/v2\/pages"}],"about":[{"href":"https:\/\/www.klaerwerk-krefeld.org\/index.php\/wp-json\/wp\/v2\/types\/page"}],"author":[{"embeddable":true,"href":"https:\/\/www.klaerwerk-krefeld.org\/index.php\/wp-json\/wp\/v2\/users\/1"}],"replies":[{"embeddable":true,"href":"https:\/\/www.klaerwerk-krefeld.org\/index.php\/wp-json\/wp\/v2\/comments?post=3321"}],"version-history":[{"count":17,"href":"https:\/\/www.klaerwerk-krefeld.org\/index.php\/wp-json\/wp\/v2\/pages\/3321\/revisions"}],"predecessor-version":[{"id":3558,"href":"https:\/\/www.klaerwerk-krefeld.org\/index.php\/wp-json\/wp\/v2\/pages\/3321\/revisions\/3558"}],"wp:attachment":[{"href":"https:\/\/www.klaerwerk-krefeld.org\/index.php\/wp-json\/wp\/v2\/media?parent=3321"}],"curies":[{"name":"wp","href":"https:\/\/api.w.org\/{rel}","templated":true}]}}