{"id":3260,"date":"2020-03-20T21:59:14","date_gmt":"2020-03-20T20:59:14","guid":{"rendered":"https:\/\/www.klaerwerk-krefeld.org\/?page_id=3260"},"modified":"2021-08-28T18:14:55","modified_gmt":"2021-08-28T16:14:55","slug":"cholera-ausbreitung-pandemie","status":"publish","type":"page","link":"https:\/\/www.klaerwerk-krefeld.org\/index.php\/cholera-ausbreitung-pandemie\/","title":{"rendered":"1. Das Zeitalter der Cholera Pandemien"},"content":{"rendered":"\n<p>Als die Cholera um das Jahr 1830 erstmals in Europa auftrat, kannte man keine Therapie, denn Verbreitungsart und Verbreitungsweg der Cholera waren unbekannt. Die H\u00e4lfte der Erkrankten war binnen weniger Tage tot. Die Krankheit schien als eine t\u00f6dliche Bedrohung in der Luft zu liegen. Au\u00dfer hoher Opferzahlen verursachte die Cholera zudem auch einen gro\u00dfen wirtschaftlichen Schaden. <\/p>\n\n\n\n<p>Die Art der Verbreitung von epidemischen Krankheiten, von Stadt zu Stadt und von Land zu Land, war schon seit dem sp\u00e4ten Mittelalter bekannt. Quarant\u00e4nen wurden erstmals im Italien des 14. Jahrhunderts eingesetzt, um den weithin beobachteten Fortschritt der Pest von Stadt zu Stadt zu stoppen. Der Name Quarant\u00e4ne l\u00e4sst sich auf die italienischen Worte  &#8220;quaranta giorni&#8221; (vierzig Tage) zur\u00fcckf\u00fchren, die Zeitdauer einer Quarant\u00e4ne f\u00fcr Venedig anlaufende Schiffsbesatzungen zu Zeiten dieser Seuche. <\/p>\n\n\n\n<p>Eine der ersten Karten des Cholera Verbreitungsweges zeichnete der amerikanische Arzt Amariah Brigham.<\/p>\n\n\n\n<div class=\"wp-block-image is-style-default\"><figure class=\"aligncenter size-large\"><a href=\"https:\/\/www.klaerwerk-krefeld.org\/wp-content\/uploads\/2020\/03\/cholera-map.jpg\"><img loading=\"lazy\" decoding=\"async\" width=\"1024\" height=\"594\" src=\"https:\/\/www.klaerwerk-krefeld.org\/wp-content\/uploads\/2020\/03\/cholera-map-1024x594.jpg\" alt=\"\" class=\"wp-image-3265\" srcset=\"https:\/\/www.klaerwerk-krefeld.org\/wp-content\/uploads\/2020\/03\/cholera-map-1024x594.jpg 1024w, https:\/\/www.klaerwerk-krefeld.org\/wp-content\/uploads\/2020\/03\/cholera-map-300x174.jpg 300w, https:\/\/www.klaerwerk-krefeld.org\/wp-content\/uploads\/2020\/03\/cholera-map-768x446.jpg 768w, https:\/\/www.klaerwerk-krefeld.org\/wp-content\/uploads\/2020\/03\/cholera-map-1536x891.jpg 1536w, https:\/\/www.klaerwerk-krefeld.org\/wp-content\/uploads\/2020\/03\/cholera-map-150x87.jpg 150w, https:\/\/www.klaerwerk-krefeld.org\/wp-content\/uploads\/2020\/03\/cholera-map.jpg 1810w\" sizes=\"auto, (max-width: 767px) 89vw, (max-width: 1000px) 54vw, (max-width: 1071px) 543px, 580px\" \/><\/a><figcaption><em>Verbreitungsweg der Cholera<\/em>, Amariah Brigham, 1832, Artikel ver\u00f6ffentlicht von Tom Koch, University of British Columbia -Vancouver, Department of Geography, 2014, siehe <a href=\"https:\/\/www.ncbi.nlm.nih.gov\/pmc\/articles\/PMC4258784\/\">https:\/\/www.ncbi.nlm.nih.gov\/pmc\/articles\/PMC4258784\/<\/a><\/figcaption><\/figure><\/div>\n\n\n\n<p>Die in einem Artikel in der wissenschaftlichen Publikation &#8220;<a href=\"https:\/\/www.thelancet.com\">the Lancet<\/a>&#8221; erstmals erschienene Karte der Cholera Verbreitung als Pandemie, stellt vermutlich das Geburtsdatum der <strong>globalen Gesundheitserforschung<\/strong> dar. <\/p>\n\n\n\n<p>In der Karte wurden \u00fcber 700 Berichte \u00fcber die Cholera zusammengefasst, jede Stadt ist symbolisiert und der Verlauf in Linien gezeichnet, um die sich entwickelnde <strong>Pandemie<\/strong> zu beschreiben.<\/p>\n\n\n\n<div class=\"wp-block-buttons is-layout-flex wp-block-buttons-is-layout-flex\">\n<div class=\"wp-block-button\"><a class=\"wp-block-button__link has-very-dark-gray-color has-electric-grass-gradient-background has-text-color has-background\" href=\"https:\/\/www.klaerwerk-krefeld.org\/index.php\/die-erforschung-der-cholera\/\" style=\"border-radius:6px\">Die Erforschung der Cholera -&gt;<\/a><\/div>\n<\/div>\n\n\n\n<hr class=\"wp-block-separator\"\/>\n\n\n\n<div class=\"menu-cholera-container\"><ul id=\"menu-cholera\" class=\"menu\"><li id=\"menu-item-3583\" class=\"menu-item menu-item-type-post_type menu-item-object-page menu-item-has-children menu-item-3583\"><a href=\"https:\/\/www.klaerwerk-krefeld.org\/index.php\/cholera\/\">Die Geschichte der Pandemien: Cholera<\/a>\n<ul class=\"sub-menu\">\n\t<li id=\"menu-item-3376\" class=\"menu-item menu-item-type-post_type menu-item-object-page menu-item-3376\"><a href=\"https:\/\/www.klaerwerk-krefeld.org\/index.php\/cholera-ausbreitung-pandemie\/\">1. Das Zeitalter der Cholera Pandemien<\/a><\/li>\n\t<li id=\"menu-item-3377\" class=\"menu-item menu-item-type-post_type menu-item-object-page menu-item-3377\"><a href=\"https:\/\/www.klaerwerk-krefeld.org\/index.php\/die-erforschung-der-cholera\/\">2. Die Erforschung der Cholera<\/a><\/li>\n\t<li id=\"menu-item-3379\" class=\"menu-item menu-item-type-post_type menu-item-object-page menu-item-has-children menu-item-3379\"><a href=\"https:\/\/www.klaerwerk-krefeld.org\/index.php\/die-entdeckung-des-cholera-erregers\/\">3. Die Entdeckung des Cholera- Erregers<\/a>\n\t<ul class=\"sub-menu\">\n\t\t<li id=\"menu-item-3498\" class=\"menu-item menu-item-type-custom menu-item-object-custom menu-item-3498\"><a href=\"https:\/\/www.klaerwerk-krefeld.org\/index.php\/die-entdeckung-des-cholera-erregers\/#Vierte%20Cholera%20Pandemie\">Die vierte Cholera Pandemie<\/a><\/li>\n\t\t<li id=\"menu-item-3500\" class=\"menu-item menu-item-type-custom menu-item-object-custom menu-item-3500\"><a href=\"https:\/\/www.klaerwerk-krefeld.org\/index.php\/die-entdeckung-des-cholera-erregers\/#Cholera%20Forschungsexpeditionen%20in%20\u00c4gypten%20und%20Indien\">Cholera Forschungsexpeditionen in \u00c4gypten und Indien<\/a><\/li>\n\t\t<li id=\"menu-item-3502\" class=\"menu-item menu-item-type-custom menu-item-object-custom menu-item-3502\"><a href=\"https:\/\/www.klaerwerk-krefeld.org\/index.php\/die-entdeckung-des-cholera-erregers\/#Der%20Cholera%20Erreger%20wird%20sichtbar\">Der Cholera Erreger wird sichtbar<\/a><\/li>\n\t\t<li id=\"menu-item-3506\" class=\"menu-item menu-item-type-custom menu-item-object-custom menu-item-3506\"><a href=\"https:\/\/www.klaerwerk-krefeld.org\/index.php\/die-entdeckung-des-cholera-erregers\/#Robert%20Koch%20Institut\">Robert Koch Institut wird gegr\u00fcndet<\/a><\/li>\n\t<\/ul>\n<\/li>\n\t<li id=\"menu-item-3438\" class=\"menu-item menu-item-type-post_type menu-item-object-page menu-item-3438\"><a href=\"https:\/\/www.klaerwerk-krefeld.org\/index.php\/die-hygiene-der-staedte\/\">4. Die Hygiene der St\u00e4dte im Kampf gegen die Cholera<\/a><\/li>\n\t<li id=\"menu-item-3470\" class=\"menu-item menu-item-type-post_type menu-item-object-page menu-item-3470\"><a href=\"https:\/\/www.klaerwerk-krefeld.org\/index.php\/der-ausbruch-der-cholera-in-hamburg\/\">5. Der Ausbruch der Cholera in Hamburg<\/a><\/li>\n<\/ul>\n<\/li>\n<\/ul><\/div>\n","protected":false},"excerpt":{"rendered":"<p>Als die Cholera um das Jahr 1830 erstmals in Europa auftrat, kannte man keine Therapie, denn Verbreitungsart und Verbreitungsweg der Cholera waren unbekannt. Die H\u00e4lfte der Erkrankten war binnen weniger Tage tot. Die Krankheit schien als eine t\u00f6dliche Bedrohung in der Luft zu liegen. Au\u00dfer hoher Opferzahlen verursachte die Cholera zudem auch einen gro\u00dfen wirtschaftlichen &hellip; <\/p>\n<p class=\"link-more\"><a href=\"https:\/\/www.klaerwerk-krefeld.org\/index.php\/cholera-ausbreitung-pandemie\/\" class=\"more-link\"><span class=\"screen-reader-text\">\u201e1. Das Zeitalter der Cholera Pandemien\u201c <\/span>weiterlesen<\/a><\/p>\n","protected":false},"author":1,"featured_media":0,"parent":0,"menu_order":0,"comment_status":"open","ping_status":"closed","template":"","meta":{"footnotes":""},"class_list":["post-3260","page","type-page","status-publish","hentry"],"_links":{"self":[{"href":"https:\/\/www.klaerwerk-krefeld.org\/index.php\/wp-json\/wp\/v2\/pages\/3260","targetHints":{"allow":["GET"]}}],"collection":[{"href":"https:\/\/www.klaerwerk-krefeld.org\/index.php\/wp-json\/wp\/v2\/pages"}],"about":[{"href":"https:\/\/www.klaerwerk-krefeld.org\/index.php\/wp-json\/wp\/v2\/types\/page"}],"author":[{"embeddable":true,"href":"https:\/\/www.klaerwerk-krefeld.org\/index.php\/wp-json\/wp\/v2\/users\/1"}],"replies":[{"embeddable":true,"href":"https:\/\/www.klaerwerk-krefeld.org\/index.php\/wp-json\/wp\/v2\/comments?post=3260"}],"version-history":[{"count":30,"href":"https:\/\/www.klaerwerk-krefeld.org\/index.php\/wp-json\/wp\/v2\/pages\/3260\/revisions"}],"predecessor-version":[{"id":5970,"href":"https:\/\/www.klaerwerk-krefeld.org\/index.php\/wp-json\/wp\/v2\/pages\/3260\/revisions\/5970"}],"wp:attachment":[{"href":"https:\/\/www.klaerwerk-krefeld.org\/index.php\/wp-json\/wp\/v2\/media?parent=3260"}],"curies":[{"name":"wp","href":"https:\/\/api.w.org\/{rel}","templated":true}]}}