{"id":271,"date":"2019-02-16T13:41:41","date_gmt":"2019-02-16T12:41:41","guid":{"rendered":"https:\/\/klaerwerk.querfeldeins.org\/?page_id=271"},"modified":"2025-04-16T18:51:47","modified_gmt":"2025-04-16T16:51:47","slug":"fuehrungen","status":"publish","type":"page","link":"https:\/\/www.klaerwerk-krefeld.org\/index.php\/fuehrungen\/","title":{"rendered":"Besuch des Kl\u00e4rwerks \/ F\u00fchrungen"},"content":{"rendered":"\n<div class=\"wp-block-columns are-vertically-aligned-top is-layout-flex wp-container-core-columns-is-layout-9d6595d7 wp-block-columns-is-layout-flex\">\n<div class=\"wp-block-column is-vertically-aligned-top is-layout-flow wp-block-column-is-layout-flow\">\n<div class=\"wp-block-buttons has-custom-font-size has-medium-font-size is-vertical is-content-justification-left is-layout-flex wp-container-core-buttons-is-layout-a05ed333 wp-block-buttons-is-layout-flex\" style=\"margin-top:0;margin-bottom:0\">\n<div class=\"wp-block-button is-style-outline is-style-outline--1\"><a class=\"wp-block-button__link has-vivid-green-cyan-background-color has-background has-medium-font-size has-custom-font-size wp-element-button\" href=\"https:\/\/kalender.klaerwerk-krefeld.org\/veranstaltungen\/kategorie\/fuehrungen\/\" style=\"border-radius:8px;padding-top:var(--wp--preset--spacing--40);padding-right:var(--wp--preset--spacing--40);padding-bottom:var(--wp--preset--spacing--40);padding-left:var(--wp--preset--spacing--40)\">n\u00e4chste Termine<br>\u00f6ffentliche F\u00fchrungen<\/a><\/div>\n\n\n\n<div class=\"wp-block-button is-style-outline is-style-outline--2\"><a class=\"wp-block-button__link has-vivid-green-cyan-background-color has-background has-medium-font-size has-custom-font-size wp-element-button\" href=\"mailto:info@klaerwerk-krefeld.org?subject=Gruppenanfrage\" style=\"border-radius:8px;padding-top:var(--wp--preset--spacing--40);padding-right:var(--wp--preset--spacing--40);padding-bottom:var(--wp--preset--spacing--40);padding-left:var(--wp--preset--spacing--40)\">Individuellen Termin<br>ab 10 Personen anfragen<\/a><\/div>\n<\/div>\n<\/div>\n\n\n\n<div class=\"wp-block-column is-vertically-aligned-top has-very-light-gray-to-cyan-bluish-gray-gradient-background has-background is-layout-flow wp-block-column-is-layout-flow\">\n<figure class=\"wp-block-video aligncenter\"><video height=\"540\" style=\"aspect-ratio: 960 \/ 540;\" width=\"960\" autoplay controls loop muted poster=\"https:\/\/www.klaerwerk-krefeld.org\/wp-content\/uploads\/2021\/07\/Ohne-Titel-scaled.jpg\" preload=\"auto\" src=\"https:\/\/www.klaerwerk-krefeld.org\/wp-content\/uploads\/2021\/09\/klaerwerk_innen-Gross-540p.mov\"><\/video><\/figure>\n\n\n\n<p><\/p>\n<\/div>\n<\/div>\n\n\n\n<hr class=\"wp-block-separator has-alpha-channel-opacity\"\/>\n\n\n\n<h2 class=\"wp-block-heading\">F\u00fchrungen von Gruppe:<\/h2>\n\n\n\n<p>Gruppen ab 10 Personen k\u00f6nnen das Kl\u00e4rwerk nach Vereinbarung besuchen. <br>Bitte fragen Sie einen Termin bei uns an: <a href=\"mailto:info@klaerwerk-krefeld.org\"><strong>info@klaerwerk-krefeld.org<\/strong><\/a><\/p>\n\n\n\n<div class=\"wp-block-columns is-layout-flex wp-container-core-columns-is-layout-9d6595d7 wp-block-columns-is-layout-flex\">\n<div class=\"wp-block-column is-layout-flow wp-block-column-is-layout-flow\">\n<h2 class=\"wp-block-heading\" id=\"block-cfa303e0-a904-43dd-afde-55423c37091d\">F\u00fchrungen f\u00fcr Schulklassen und Jugendgruppen:<\/h2>\n\n\n\n<p>Bitte fragen Sie einen Termin bei uns an: <a href=\"mailto:info@klaerwerk-krefeld.org\"><strong>info@klaerwerk-krefeld.org<\/strong><\/a><\/p>\n\n\n\n<h2 class=\"wp-block-heading\">M\u00f6gliche Schwerpunkte f\u00fcr Ihre F\u00fchrung<\/h2>\n\n\n\n<ul class=\"wp-block-list\">\n<li>(Ab-)Wassermuseum: UN Agenda2030 \/ Bedeutung der Nachhaltigkeitsziele u.A. SDG6, in Bezug auf die Historie der Abwasserbehandlung<\/li>\n\n\n\n<li>die Geschichte der Stadtentw\u00e4sserungen und der St\u00e4dtereinigung<\/li>\n\n\n\n<li>von der Pest \u00fcber die Cholera zu COVID-19, wie Pandemien die Menschheit beeinflussen.  <\/li>\n\n\n\n<li>Jugendstil, Moderne &amp; Architektur, wie ein technisches Geb\u00e4ude hier einzuordnen ist.<\/li>\n\n\n\n<li>der neue Baustoff Eisenbeton, von Br\u00fccken, B\u00f6gen und Parabeln hin zum Kl\u00e4rwerk und anderen fantastischen Betonkonstruktionen<\/li>\n\n\n\n<li>Klassische F\u00fchrung: Entstehungsgeschichte der &#8220;Reinigungsanlage der Stadt Crefeld&#8221;<\/li>\n<\/ul>\n<\/div>\n<\/div>\n","protected":false},"excerpt":{"rendered":"<p>F\u00fchrungen von Gruppe: Gruppen ab 10 Personen k\u00f6nnen das Kl\u00e4rwerk nach Vereinbarung besuchen. Bitte fragen Sie einen Termin bei uns an: info@klaerwerk-krefeld.org F\u00fchrungen f\u00fcr Schulklassen und Jugendgruppen: Bitte fragen Sie einen Termin bei uns an: info@klaerwerk-krefeld.org M\u00f6gliche Schwerpunkte f\u00fcr Ihre F\u00fchrung<\/p>\n","protected":false},"author":1,"featured_media":0,"parent":0,"menu_order":0,"comment_status":"closed","ping_status":"closed","template":"","meta":{"footnotes":""},"class_list":["post-271","page","type-page","status-publish","hentry"],"_links":{"self":[{"href":"https:\/\/www.klaerwerk-krefeld.org\/index.php\/wp-json\/wp\/v2\/pages\/271","targetHints":{"allow":["GET"]}}],"collection":[{"href":"https:\/\/www.klaerwerk-krefeld.org\/index.php\/wp-json\/wp\/v2\/pages"}],"about":[{"href":"https:\/\/www.klaerwerk-krefeld.org\/index.php\/wp-json\/wp\/v2\/types\/page"}],"author":[{"embeddable":true,"href":"https:\/\/www.klaerwerk-krefeld.org\/index.php\/wp-json\/wp\/v2\/users\/1"}],"replies":[{"embeddable":true,"href":"https:\/\/www.klaerwerk-krefeld.org\/index.php\/wp-json\/wp\/v2\/comments?post=271"}],"version-history":[{"count":218,"href":"https:\/\/www.klaerwerk-krefeld.org\/index.php\/wp-json\/wp\/v2\/pages\/271\/revisions"}],"predecessor-version":[{"id":7755,"href":"https:\/\/www.klaerwerk-krefeld.org\/index.php\/wp-json\/wp\/v2\/pages\/271\/revisions\/7755"}],"wp:attachment":[{"href":"https:\/\/www.klaerwerk-krefeld.org\/index.php\/wp-json\/wp\/v2\/media?parent=271"}],"curies":[{"name":"wp","href":"https:\/\/api.w.org\/{rel}","templated":true}]}}

Besuch des Klärwerks / Führungen

<div class="wp-block-columns are-vertically-aligned-top is-layout-flex wp-container-core-columns-is-layout-9d6595d7 wp-block-columns-is-layout-flex">
<div class="wp-block-column is-vertically-aligned-top is-layout-flow wp-block-column-is-layout-flow">
<div class="wp-block-buttons has-custom-font-size has-medium-font-size is-vertical is-content-justification-left is-layout-flex wp-container-core-buttons-is-layout-a05ed333 wp-block-buttons-is-layout-flex" style="margin-top:0;margin-bottom:0">
<div class="wp-block-button is-style-outline is-style-outline--1"><a class="wp-block-button__link has-vivid-green-cyan-background-color has-background has-medium-font-size has-custom-font-size wp-element-button" href="https://kalender.klaerwerk-krefeld.org/veranstaltungen/kategorie/fuehrungen/" style="border-radius:8px;padding-top:var(--wp--preset--spacing--40);padding-right:var(--wp--preset--spacing--40);padding-bottom:var(--wp--preset--spacing--40);padding-left:var(--wp--preset--spacing--40)">nächste Termine<br>öffentliche Führungen</a></div>



<div class="wp-block-button is-style-outline is-style-outline--2"><a class="wp-block-button__link has-vivid-green-cyan-background-color has-background has-medium-font-size has-custom-font-size wp-element-button" href="mailto:info@klaerwerk-krefeld.org?subject=Gruppenanfrage" style="border-radius:8px;padding-top:var(--wp--preset--spacing--40);padding-right:var(--wp--preset--spacing--40);padding-bottom:var(--wp--preset--spacing--40);padding-left:var(--wp--preset--spacing--40)">Individuellen Termin<br>ab 10 Personen anfragen</a></div>
</div>
</div>



<div class="wp-block-column is-vertically-aligned-top has-very-light-gray-to-cyan-bluish-gray-gradient-background has-background is-layout-flow wp-block-column-is-layout-flow">
<figure class="wp-block-video aligncenter"><video height="540" style="aspect-ratio: 960 / 540;" width="960" autoplay controls loop muted poster="https://www.klaerwerk-krefeld.org/wp-content/uploads/2021/07/Ohne-Titel-scaled.jpg" preload="auto" src="https://www.klaerwerk-krefeld.org/wp-content/uploads/2021/09/klaerwerk_innen-Gross-540p.mov"></video></figure>



<p></p>
</div>
</div>



<hr class="wp-block-separator has-alpha-channel-opacity"/>



<h2 class="wp-block-heading">Führungen von Gruppe:</h2>



<p>Gruppen ab 10 Personen können das Klärwerk nach Vereinbarung besuchen. <br>Bitte fragen Sie einen Termin bei uns an: <a href="mailto:info@klaerwerk-krefeld.org"><strong>info@klaerwerk-krefeld.org</strong></a></p>



<div class="wp-block-columns is-layout-flex wp-container-core-columns-is-layout-9d6595d7 wp-block-columns-is-layout-flex">
<div class="wp-block-column is-layout-flow wp-block-column-is-layout-flow">
<h2 class="wp-block-heading" id="block-cfa303e0-a904-43dd-afde-55423c37091d">Führungen für Schulklassen und Jugendgruppen:</h2>



<p>Bitte fragen Sie einen Termin bei uns an: <a href="mailto:info@klaerwerk-krefeld.org"><strong>info@klaerwerk-krefeld.org</strong></a></p>



<h2 class="wp-block-heading">Mögliche Schwerpunkte für Ihre Führung</h2>



<ul class="wp-block-list">
<li>(Ab-)Wassermuseum: UN Agenda2030 / Bedeutung der Nachhaltigkeitsziele u.A. SDG6, in Bezug auf die Historie der Abwasserbehandlung</li>



<li>die Geschichte der Stadtentwässerungen und der Städtereinigung</li>



<li>von der Pest über die Cholera zu COVID-19, wie Pandemien die Menschheit beeinflussen.  </li>



<li>Jugendstil, Moderne &amp; Architektur, wie ein technisches Gebäude hier einzuordnen ist.</li>



<li>der neue Baustoff Eisenbeton, von Brücken, Bögen und Parabeln hin zum Klärwerk und anderen fantastischen Betonkonstruktionen</li>



<li>Klassische Führung: Entstehungsgeschichte der &#8220;Reinigungsanlage der Stadt Crefeld&#8221;</li>
</ul>
</div>
</div>

<p>Führungen von Gruppe: Gruppen ab 10 Personen können das Klärwerk nach Vereinbarung besuchen. Bitte fragen Sie einen Termin bei uns an: info@klaerwerk-krefeld.org Führungen für Schulklassen und Jugendgruppen: Bitte fragen Sie einen Termin bei uns an: info@klaerwerk-krefeld.org Mögliche Schwerpunkte für Ihre Führung</p>
